{"id":775,"date":"2016-10-04T14:36:18","date_gmt":"2016-10-04T14:36:18","guid":{"rendered":"http:\/\/ascensorescondal.com\/newproyect\/?page_id=239"},"modified":"2024-04-05T14:21:01","modified_gmt":"2024-04-05T12:21:01","slug":"ascensors-vilanova-i-la-geltru","status":"publish","type":"page","link":"https:\/\/ascensorescondal.com\/ca\/ascensors-vilanova-i-la-geltru\/","title":{"rendered":"Ascensores Vilanova i la Geltru"},"content":{"rendered":"<h1 class=\"uk-article-title\">Ascensors Vilanova i la Geltru<\/h1>\n<p><img fetchpriority=\"high\" decoding=\"async\" class=\"alignright wp-image-39 size-medium\" src=\"\/wp-content\/uploads\/2016\/05\/DSC_0960-685x1024-201x300.jpg\" alt=\"ascensor vilanova\" width=\"201\" height=\"300\" \/>A <strong>Ascensors Comtal<\/strong> ens hem caracteritzat sempre pel nostre comprom\u00eds amb la satisfacci\u00f3 dels nostres clients. Les nostres m\u00e0ximes s\u00f3n clares: <strong>millorar la qualitat de vida dels nostres usuaris<\/strong> i augmentar la mobilitat dels seus llocs de resid\u00e8ncia per permetre&#8217;ls salvar qualsevol tipus de barrera arquitect\u00f2nica.<\/p>\n<p>En aquest sentit, cal esmentar de manera especial els nostres serveis de <strong>instal\u00b7laci\u00f3, manteniment i rehabilitaci\u00f3 d&#8217;ascensors per a minusv\u00e0lids<\/strong>. Els nostres professionals compten amb la formaci\u00f3 i experi\u00e8ncia necess\u00e0ries per poder dur a terme la instal\u00b7laci\u00f3 d&#8217;un ascensor tant en una comunitat de propietaris com en un habitatge unifamiliar. Tot aix\u00f2, a m\u00e9s, sempre de la manera m\u00e9s r\u00e0pida possible i ocasionant les mol\u00e8sties m\u00ednimes.<\/p>\n<p>Per descomptat, a Ascensors Condal donem servei a Vilanova i la Geltru, El Prat i, en general, a tota la prov\u00edncia de Barcelona. <strong>Truqueu-nos i informeu-vos sense comprom\u00eds<\/strong>, descobriu els nostres preus i qualitats.<\/p>\n","protected":false},"excerpt":{"rendered":"<p>Ascensors Vilanova i la Geltru A Ascensors Comtal ens hem caracteritzat sempre pel nostre comprom\u00eds amb la satisfacci\u00f3 dels nostres clients. Les nostres m\u00e0ximes s\u00f3n clares: millorar la qualitat de vida dels nostres usuaris i augmentar la mobilitat dels seus llocs de resid\u00e8ncia per permetre&#8217;ls salvar qualsevol tipus de barrera arquitect\u00f2nica. En aquest sentit, cal &hellip;<\/p>\n<p class=\"read-more\"> <a class=\"\" href=\"https:\/\/ascensorescondal.com\/ca\/ascensors-vilanova-i-la-geltru\/\"> <span class=\"screen-reader-text\">Ascensores Vilanova i la Geltru<\/span> Llegeix m\u00e9s &raquo;<\/a><\/p>\n","protected":false},"author":1,"featured_media":0,"parent":0,"menu_order":0,"comment_status":"closed","ping_status":"closed","template":"","meta":{"site-sidebar-layout":"default","site-content-layout":"","ast-site-content-layout":"default","site-content-style":"default","site-sidebar-style":"default","ast-global-header-display":"","ast-banner-title-visibility":"","ast-main-header-display":"","ast-hfb-above-header-display":"","ast-hfb-below-header-display":"","ast-hfb-mobile-header-display":"","site-post-title":"","ast-breadcrumbs-content":"","ast-featured-img":"","footer-sml-layout":"","theme-transparent-header-meta":"default","adv-header-id-meta":"","stick-header-meta":"","header-above-stick-meta":"","header-main-stick-meta":"","header-below-stick-meta":"","astra-migrate-meta-layouts":"set","footnotes":""},"class_list":["post-775","page","type-page","status-publish","hentry"],"yoast_head":"<!-- This site is optimized with the Yoast SEO plugin v26.0 - https:\/\/yoast.com\/wordpress\/plugins\/seo\/ -->\n<title>Ascensors Vilanova i la Geltru. Manteniment ascensor<\/title>\n<meta name=\"description\" content=\"ASCENSORS EURO CONDAL. Elevadors. Grup de professionals en la conservaci\u00f3 i modernitzaci\u00f3 d&#039;ascensors a Vilanova i la Geltru\" \/>\n<meta name=\"robots\" content=\"index, follow, max-snippet:-1, max-image-preview:large, max-video-preview:-1\" \/>\n<link rel=\"canonical\" href=\"https:\/\/ascensorescondal.com\/ca\/ascensors-vilanova-i-la-geltru\/\" \/>\n<meta property=\"og:locale\" content=\"ca_ES\" \/>\n<meta property=\"og:type\" content=\"article\" \/>\n<meta property=\"og:title\" content=\"Ascensors Vilanova i la Geltru. Manteniment ascensor\" \/>\n<meta property=\"og:description\" content=\"ASCENSORS EURO CONDAL. Elevadors. Grup de professionals en la conservaci\u00f3 i modernitzaci\u00f3 d&#039;ascensors a Vilanova i la Geltru\" \/>\n<meta property=\"og:url\" content=\"https:\/\/ascensorescondal.com\/ca\/ascensors-vilanova-i-la-geltru\/\" \/>\n<meta property=\"article:modified_time\" content=\"2024-04-05T12:21:01+00:00\" \/>\n<meta name=\"twitter:card\" content=\"summary_large_image\" \/>\n<meta name=\"twitter:label1\" content=\"Temps estimat de lectura\" \/>\n\t<meta name=\"twitter:data1\" content=\"1 minut\" \/>\n<script type=\"application\/ld+json\" class=\"yoast-schema-graph\">{\"@context\":\"https:\/\/schema.org\",\"@graph\":[{\"@type\":\"WebPage\",\"@id\":\"https:\/\/ascensorescondal.com\/ca\/ascensors-vilanova-i-la-geltru\/\",\"url\":\"https:\/\/ascensorescondal.com\/ca\/ascensors-vilanova-i-la-geltru\/\",\"name\":\"Ascensors Vilanova i la Geltru. Manteniment ascensor\",\"isPartOf\":{\"@id\":\"https:\/\/ascensorescondal.com\/ca\/#website\"},\"datePublished\":\"2016-10-04T14:36:18+00:00\",\"dateModified\":\"2024-04-05T12:21:01+00:00\",\"description\":\"ASCENSORS EURO CONDAL. Elevadors. Grup de professionals en la conservaci\u00f3 i modernitzaci\u00f3 d'ascensors a Vilanova i la Geltru\",\"breadcrumb\":{\"@id\":\"https:\/\/ascensorescondal.com\/ca\/ascensors-vilanova-i-la-geltru\/#breadcrumb\"},\"inLanguage\":\"ca\",\"potentialAction\":[{\"@type\":\"ReadAction\",\"target\":[\"https:\/\/ascensorescondal.com\/ca\/ascensors-vilanova-i-la-geltru\/\"]}]},{\"@type\":\"BreadcrumbList\",\"@id\":\"https:\/\/ascensorescondal.com\/ca\/ascensors-vilanova-i-la-geltru\/#breadcrumb\",\"itemListElement\":[{\"@type\":\"ListItem\",\"position\":1,\"name\":\"Portada\",\"item\":\"https:\/\/ascensorescondal.com\/ca\/\"},{\"@type\":\"ListItem\",\"position\":2,\"name\":\"Ascensores Vilanova i la Geltru\"}]},{\"@type\":\"WebSite\",\"@id\":\"https:\/\/ascensorescondal.com\/ca\/#website\",\"url\":\"https:\/\/ascensorescondal.com\/ca\/\",\"name\":\"\",\"description\":\"\",\"potentialAction\":[{\"@type\":\"SearchAction\",\"target\":{\"@type\":\"EntryPoint\",\"urlTemplate\":\"https:\/\/ascensorescondal.com\/ca\/?s={search_term_string}\"},\"query-input\":{\"@type\":\"PropertyValueSpecification\",\"valueRequired\":true,\"valueName\":\"search_term_string\"}}],\"inLanguage\":\"ca\"}]}<\/script>\n<!-- \/ Yoast SEO plugin. -->","yoast_head_json":{"title":"Ascensors Vilanova i la Geltru. Manteniment ascensor","description":"ASCENSORS EURO CONDAL. Elevadors. Grup de professionals en la conservaci\u00f3 i modernitzaci\u00f3 d'ascensors a Vilanova i la Geltru","robots":{"index":"index","follow":"follow","max-snippet":"max-snippet:-1","max-image-preview":"max-image-preview:large","max-video-preview":"max-video-preview:-1"},"canonical":"https:\/\/ascensorescondal.com\/ca\/ascensors-vilanova-i-la-geltru\/","og_locale":"ca_ES","og_type":"article","og_title":"Ascensors Vilanova i la Geltru. Manteniment ascensor","og_description":"ASCENSORS EURO CONDAL. Elevadors. Grup de professionals en la conservaci\u00f3 i modernitzaci\u00f3 d'ascensors a Vilanova i la Geltru","og_url":"https:\/\/ascensorescondal.com\/ca\/ascensors-vilanova-i-la-geltru\/","article_modified_time":"2024-04-05T12:21:01+00:00","twitter_card":"summary_large_image","twitter_misc":{"Temps estimat de lectura":"1 minut"},"schema":{"@context":"https:\/\/schema.org","@graph":[{"@type":"WebPage","@id":"https:\/\/ascensorescondal.com\/ca\/ascensors-vilanova-i-la-geltru\/","url":"https:\/\/ascensorescondal.com\/ca\/ascensors-vilanova-i-la-geltru\/","name":"Ascensors Vilanova i la Geltru. Manteniment ascensor","isPartOf":{"@id":"https:\/\/ascensorescondal.com\/ca\/#website"},"datePublished":"2016-10-04T14:36:18+00:00","dateModified":"2024-04-05T12:21:01+00:00","description":"ASCENSORS EURO CONDAL. Elevadors. Grup de professionals en la conservaci\u00f3 i modernitzaci\u00f3 d'ascensors a Vilanova i la Geltru","breadcrumb":{"@id":"https:\/\/ascensorescondal.com\/ca\/ascensors-vilanova-i-la-geltru\/#breadcrumb"},"inLanguage":"ca","potentialAction":[{"@type":"ReadAction","target":["https:\/\/ascensorescondal.com\/ca\/ascensors-vilanova-i-la-geltru\/"]}]},{"@type":"BreadcrumbList","@id":"https:\/\/ascensorescondal.com\/ca\/ascensors-vilanova-i-la-geltru\/#breadcrumb","itemListElement":[{"@type":"ListItem","position":1,"name":"Portada","item":"https:\/\/ascensorescondal.com\/ca\/"},{"@type":"ListItem","position":2,"name":"Ascensores Vilanova i la Geltru"}]},{"@type":"WebSite","@id":"https:\/\/ascensorescondal.com\/ca\/#website","url":"https:\/\/ascensorescondal.com\/ca\/","name":"","description":"","potentialAction":[{"@type":"SearchAction","target":{"@type":"EntryPoint","urlTemplate":"https:\/\/ascensorescondal.com\/ca\/?s={search_term_string}"},"query-input":{"@type":"PropertyValueSpecification","valueRequired":true,"valueName":"search_term_string"}}],"inLanguage":"ca"}]}},"_links":{"self":[{"href":"https:\/\/ascensorescondal.com\/ca\/wp-json\/wp\/v2\/pages\/775","targetHints":{"allow":["GET"]}}],"collection":[{"href":"https:\/\/ascensorescondal.com\/ca\/wp-json\/wp\/v2\/pages"}],"about":[{"href":"https:\/\/ascensorescondal.com\/ca\/wp-json\/wp\/v2\/types\/page"}],"author":[{"embeddable":true,"href":"https:\/\/ascensorescondal.com\/ca\/wp-json\/wp\/v2\/users\/1"}],"replies":[{"embeddable":true,"href":"https:\/\/ascensorescondal.com\/ca\/wp-json\/wp\/v2\/comments?post=775"}],"version-history":[{"count":1,"href":"https:\/\/ascensorescondal.com\/ca\/wp-json\/wp\/v2\/pages\/775\/revisions"}],"predecessor-version":[{"id":1555,"href":"https:\/\/ascensorescondal.com\/ca\/wp-json\/wp\/v2\/pages\/775\/revisions\/1555"}],"wp:attachment":[{"href":"https:\/\/ascensorescondal.com\/ca\/wp-json\/wp\/v2\/media?parent=775"}],"curies":[{"name":"wp","href":"https:\/\/api.w.org\/{rel}","templated":true}]}}

<h1 class="uk-article-title">Ascensors Vilanova i la Geltru</h1>
<p><img fetchpriority="high" decoding="async" class="alignright wp-image-39 size-medium" src="/wp-content/uploads/2016/05/DSC_0960-685x1024-201x300.jpg" alt="ascensor vilanova" width="201" height="300" />A <strong>Ascensors Comtal</strong> ens hem caracteritzat sempre pel nostre compromís amb la satisfacció dels nostres clients. Les nostres màximes són clares: <strong>millorar la qualitat de vida dels nostres usuaris</strong> i augmentar la mobilitat dels seus llocs de residència per permetre&#8217;ls salvar qualsevol tipus de barrera arquitectònica.</p>
<p>En aquest sentit, cal esmentar de manera especial els nostres serveis de <strong>instal·lació, manteniment i rehabilitació d&#8217;ascensors per a minusvàlids</strong>. Els nostres professionals compten amb la formació i experiència necessàries per poder dur a terme la instal·lació d&#8217;un ascensor tant en una comunitat de propietaris com en un habitatge unifamiliar. Tot això, a més, sempre de la manera més ràpida possible i ocasionant les molèsties mínimes.</p>
<p>Per descomptat, a Ascensors Condal donem servei a Vilanova i la Geltru, El Prat i, en general, a tota la província de Barcelona. <strong>Truqueu-nos i informeu-vos sense compromís</strong>, descobriu els nostres preus i qualitats.</p>

<p>Ascensors Vilanova i la Geltru A Ascensors Comtal ens hem caracteritzat sempre pel nostre compromís amb la satisfacció dels nostres clients. Les nostres màximes són clares: millorar la qualitat de vida dels nostres usuaris i augmentar la mobilitat dels seus llocs de residència per permetre&#8217;ls salvar qualsevol tipus de barrera arquitectònica. En aquest sentit, cal &hellip;</p>
<p class="read-more"> <a class="" href="https://ascensorescondal.com/ca/ascensors-vilanova-i-la-geltru/"> <span class="screen-reader-text">Ascensores Vilanova i la Geltru</span> Llegeix més &raquo;</a></p>

<!-- This site is optimized with the Yoast SEO plugin v26.0 - https://yoast.com/wordpress/plugins/seo/ -->
<title>Ascensors Vilanova i la Geltru. Manteniment ascensor</title>
<meta name="description" content="ASCENSORS EURO CONDAL. Elevadors. Grup de professionals en la conservació i modernització d&#039;ascensors a Vilanova i la Geltru" />
<meta name="robots" content="index, follow, max-snippet:-1, max-image-preview:large, max-video-preview:-1" />
<link rel="canonical" href="https://ascensorescondal.com/ca/ascensors-vilanova-i-la-geltru/" />
<meta property="og:locale" content="ca_ES" />
<meta property="og:type" content="article" />
<meta property="og:title" content="Ascensors Vilanova i la Geltru. Manteniment ascensor" />
<meta property="og:description" content="ASCENSORS EURO CONDAL. Elevadors. Grup de professionals en la conservació i modernització d&#039;ascensors a Vilanova i la Geltru" />
<meta property="og:url" content="https://ascensorescondal.com/ca/ascensors-vilanova-i-la-geltru/" />
<meta property="article:modified_time" content="2024-04-05T12:21:01+00:00" />
<meta name="twitter:card" content="summary_large_image" />
<meta name="twitter:label1" content="Temps estimat de lectura" />
	<meta name="twitter:data1" content="1 minut" />
<script type="application/ld+json" class="yoast-schema-graph">{"@context":"https://schema.org","@graph":[{"@type":"WebPage","@id":"https://ascensorescondal.com/ca/ascensors-vilanova-i-la-geltru/","url":"https://ascensorescondal.com/ca/ascensors-vilanova-i-la-geltru/","name":"Ascensors Vilanova i la Geltru. Manteniment ascensor","isPartOf":{"@id":"https://ascensorescondal.com/ca/#website"},"datePublished":"2016-10-04T14:36:18+00:00","dateModified":"2024-04-05T12:21:01+00:00","description":"ASCENSORS EURO CONDAL. Elevadors. Grup de professionals en la conservació i modernització d'ascensors a Vilanova i la Geltru","breadcrumb":{"@id":"https://ascensorescondal.com/ca/ascensors-vilanova-i-la-geltru/#breadcrumb"},"inLanguage":"ca","potentialAction":[{"@type":"ReadAction","target":["https://ascensorescondal.com/ca/ascensors-vilanova-i-la-geltru/"]}]},{"@type":"BreadcrumbList","@id":"https://ascensorescondal.com/ca/ascensors-vilanova-i-la-geltru/#breadcrumb","itemListElement":[{"@type":"ListItem","position":1,"name":"Portada","item":"https://ascensorescondal.com/ca/"},{"@type":"ListItem","position":2,"name":"Ascensores Vilanova i la Geltru"}]},{"@type":"WebSite","@id":"https://ascensorescondal.com/ca/#website","url":"https://ascensorescondal.com/ca/","name":"","description":"","potentialAction":[{"@type":"SearchAction","target":{"@type":"EntryPoint","urlTemplate":"https://ascensorescondal.com/ca/?s={search_term_string}"},"query-input":{"@type":"PropertyValueSpecification","valueRequired":true,"valueName":"search_term_string"}}],"inLanguage":"ca"}]}</script>
<!-- / Yoast SEO plugin. -->

ASCENSORS EURO CONDAL. Elevadors. Grup de professionals en la conservació i modernització d'ascensors a Vilanova i la Geltru
