{"id":768,"date":"2016-10-04T13:55:46","date_gmt":"2016-10-04T13:55:46","guid":{"rendered":"http:\/\/ascensorescondal.com\/newproyect\/?page_id=222"},"modified":"2024-04-05T14:07:24","modified_gmt":"2024-04-05T12:07:24","slug":"ascensors-san-vicenc-dels-horts","status":"publish","type":"page","link":"https:\/\/ascensorescondal.com\/ca\/ascensors-san-vicenc-dels-horts\/","title":{"rendered":"Ascensores Sant Vicen\u00e7 dels Horts"},"content":{"rendered":"<h1 class=\"uk-article-title\">Ascensors Sant Vicen\u00e7 dels Horts<\/h1>\n<p><img fetchpriority=\"high\" decoding=\"async\" class=\"alignright wp-image-39 size-medium\" src=\"\/wp-content\/uploads\/2016\/05\/DSC_0960-685x1024-201x300.jpg\" alt=\"ascensors sant vicen\u00e7\" width=\"201\" height=\"300\" \/>Si busqueu el millor servei per a la instal\u00b7laci\u00f3 d&#8217;ascensors a Cerdanyola, Sant Vicen\u00e7 dels Horts o qualsevol altra poblaci\u00f3 de la prov\u00edncia, poseu-vos a les mans d&#8217;Ascensors Comtal. Disposem de la m\u00e9s variada oferta d&#8217;elevadors perqu\u00e8 els nostres assessors especialitzats us recomanin el model que millor s&#8217;adapti a les vostres necessitats.<\/p>\n<p>Amb nosaltres rebr\u00e0 un <strong>tracte personalitzat, comprom\u00e8s i responsable<\/strong> que buscar\u00e0 oferir-li un servei amb uns resultats de qualitat immillorables sense que aix\u00f2 suposi un sobrecost al pressupost. \u00c9s per aix\u00f2 que Ascensors Condal t\u00e9 la millor relaci\u00f3 qualitat-preu del mercat.<\/p>\n<p>A m\u00e9s, si ja t\u00e9 un elevador al seu lloc de resid\u00e8ncia, Ascensors Condal tamb\u00e9 ofereix des de <strong>serveis de manteniment i rehabilitaci\u00f3<\/strong>, fins a modernitzaci\u00f3 de la maquin\u00e0ria amb l&#8217;objectiu de reduir la despesa en consum el\u00e8ctric.<\/p>\n<p>Contacteu amb nosaltres per obtenir m\u00e9s informaci\u00f3 i dipositar la vostra confian\u00e7a en un equip que porta des dels seus inicis dedicat a facilitar i millorar la vida de les persones.<\/p>\n","protected":false},"excerpt":{"rendered":"<p>Ascensors Sant Vicen\u00e7 dels Horts Si busqueu el millor servei per a la instal\u00b7laci\u00f3 d&#8217;ascensors a Cerdanyola, Sant Vicen\u00e7 dels Horts o qualsevol altra poblaci\u00f3 de la prov\u00edncia, poseu-vos a les mans d&#8217;Ascensors Comtal. Disposem de la m\u00e9s variada oferta d&#8217;elevadors perqu\u00e8 els nostres assessors especialitzats us recomanin el model que millor s&#8217;adapti a les &hellip;<\/p>\n<p class=\"read-more\"> <a class=\"\" href=\"https:\/\/ascensorescondal.com\/ca\/ascensors-san-vicenc-dels-horts\/\"> <span class=\"screen-reader-text\">Ascensores Sant Vicen\u00e7 dels Horts<\/span> Llegeix m\u00e9s &raquo;<\/a><\/p>\n","protected":false},"author":1,"featured_media":0,"parent":0,"menu_order":0,"comment_status":"closed","ping_status":"closed","template":"","meta":{"site-sidebar-layout":"default","site-content-layout":"","ast-site-content-layout":"default","site-content-style":"default","site-sidebar-style":"default","ast-global-header-display":"","ast-banner-title-visibility":"","ast-main-header-display":"","ast-hfb-above-header-display":"","ast-hfb-below-header-display":"","ast-hfb-mobile-header-display":"","site-post-title":"","ast-breadcrumbs-content":"","ast-featured-img":"","footer-sml-layout":"","theme-transparent-header-meta":"default","adv-header-id-meta":"","stick-header-meta":"","header-above-stick-meta":"","header-main-stick-meta":"","header-below-stick-meta":"","astra-migrate-meta-layouts":"set","footnotes":""},"class_list":["post-768","page","type-page","status-publish","hentry"],"yoast_head":"<!-- This site is optimized with the Yoast SEO plugin v26.0 - https:\/\/yoast.com\/wordpress\/plugins\/seo\/ -->\n<title>Ascensors Sant Vicen\u00e7 dels Horts. Manteniment ascensor<\/title>\n<meta name=\"description\" content=\"ASCENSORS EURO CONDAL. Ascensors Sant Vicen\u00e7. Empresa experta en el manteniment i la instal\u00b7laci\u00f3 d&#039;elevadors a Sant Vicen\u00e7 dels Horts\" \/>\n<meta name=\"robots\" content=\"index, follow, max-snippet:-1, max-image-preview:large, max-video-preview:-1\" \/>\n<link rel=\"canonical\" href=\"https:\/\/ascensorescondal.com\/ca\/ascensors-san-vicenc-dels-horts\/\" \/>\n<meta property=\"og:locale\" content=\"ca_ES\" \/>\n<meta property=\"og:type\" content=\"article\" \/>\n<meta property=\"og:title\" content=\"Ascensors Sant Vicen\u00e7 dels Horts. Manteniment ascensor\" \/>\n<meta property=\"og:description\" content=\"ASCENSORS EURO CONDAL. Ascensors Sant Vicen\u00e7. Empresa experta en el manteniment i la instal\u00b7laci\u00f3 d&#039;elevadors a Sant Vicen\u00e7 dels Horts\" \/>\n<meta property=\"og:url\" content=\"https:\/\/ascensorescondal.com\/ca\/ascensors-san-vicenc-dels-horts\/\" \/>\n<meta property=\"article:modified_time\" content=\"2024-04-05T12:07:24+00:00\" \/>\n<meta name=\"twitter:card\" content=\"summary_large_image\" \/>\n<meta name=\"twitter:label1\" content=\"Temps estimat de lectura\" \/>\n\t<meta name=\"twitter:data1\" content=\"1 minut\" \/>\n<script type=\"application\/ld+json\" class=\"yoast-schema-graph\">{\"@context\":\"https:\/\/schema.org\",\"@graph\":[{\"@type\":\"WebPage\",\"@id\":\"https:\/\/ascensorescondal.com\/ca\/ascensors-san-vicenc-dels-horts\/\",\"url\":\"https:\/\/ascensorescondal.com\/ca\/ascensors-san-vicenc-dels-horts\/\",\"name\":\"Ascensors Sant Vicen\u00e7 dels Horts. Manteniment ascensor\",\"isPartOf\":{\"@id\":\"https:\/\/ascensorescondal.com\/ca\/#website\"},\"datePublished\":\"2016-10-04T13:55:46+00:00\",\"dateModified\":\"2024-04-05T12:07:24+00:00\",\"description\":\"ASCENSORS EURO CONDAL. Ascensors Sant Vicen\u00e7. Empresa experta en el manteniment i la instal\u00b7laci\u00f3 d'elevadors a Sant Vicen\u00e7 dels Horts\",\"breadcrumb\":{\"@id\":\"https:\/\/ascensorescondal.com\/ca\/ascensors-san-vicenc-dels-horts\/#breadcrumb\"},\"inLanguage\":\"ca\",\"potentialAction\":[{\"@type\":\"ReadAction\",\"target\":[\"https:\/\/ascensorescondal.com\/ca\/ascensors-san-vicenc-dels-horts\/\"]}]},{\"@type\":\"BreadcrumbList\",\"@id\":\"https:\/\/ascensorescondal.com\/ca\/ascensors-san-vicenc-dels-horts\/#breadcrumb\",\"itemListElement\":[{\"@type\":\"ListItem\",\"position\":1,\"name\":\"Portada\",\"item\":\"https:\/\/ascensorescondal.com\/ca\/\"},{\"@type\":\"ListItem\",\"position\":2,\"name\":\"Ascensores Sant Vicen\u00e7 dels Horts\"}]},{\"@type\":\"WebSite\",\"@id\":\"https:\/\/ascensorescondal.com\/ca\/#website\",\"url\":\"https:\/\/ascensorescondal.com\/ca\/\",\"name\":\"\",\"description\":\"\",\"potentialAction\":[{\"@type\":\"SearchAction\",\"target\":{\"@type\":\"EntryPoint\",\"urlTemplate\":\"https:\/\/ascensorescondal.com\/ca\/?s={search_term_string}\"},\"query-input\":{\"@type\":\"PropertyValueSpecification\",\"valueRequired\":true,\"valueName\":\"search_term_string\"}}],\"inLanguage\":\"ca\"}]}<\/script>\n<!-- \/ Yoast SEO plugin. -->","yoast_head_json":{"title":"Ascensors Sant Vicen\u00e7 dels Horts. Manteniment ascensor","description":"ASCENSORS EURO CONDAL. Ascensors Sant Vicen\u00e7. Empresa experta en el manteniment i la instal\u00b7laci\u00f3 d'elevadors a Sant Vicen\u00e7 dels Horts","robots":{"index":"index","follow":"follow","max-snippet":"max-snippet:-1","max-image-preview":"max-image-preview:large","max-video-preview":"max-video-preview:-1"},"canonical":"https:\/\/ascensorescondal.com\/ca\/ascensors-san-vicenc-dels-horts\/","og_locale":"ca_ES","og_type":"article","og_title":"Ascensors Sant Vicen\u00e7 dels Horts. Manteniment ascensor","og_description":"ASCENSORS EURO CONDAL. Ascensors Sant Vicen\u00e7. Empresa experta en el manteniment i la instal\u00b7laci\u00f3 d'elevadors a Sant Vicen\u00e7 dels Horts","og_url":"https:\/\/ascensorescondal.com\/ca\/ascensors-san-vicenc-dels-horts\/","article_modified_time":"2024-04-05T12:07:24+00:00","twitter_card":"summary_large_image","twitter_misc":{"Temps estimat de lectura":"1 minut"},"schema":{"@context":"https:\/\/schema.org","@graph":[{"@type":"WebPage","@id":"https:\/\/ascensorescondal.com\/ca\/ascensors-san-vicenc-dels-horts\/","url":"https:\/\/ascensorescondal.com\/ca\/ascensors-san-vicenc-dels-horts\/","name":"Ascensors Sant Vicen\u00e7 dels Horts. Manteniment ascensor","isPartOf":{"@id":"https:\/\/ascensorescondal.com\/ca\/#website"},"datePublished":"2016-10-04T13:55:46+00:00","dateModified":"2024-04-05T12:07:24+00:00","description":"ASCENSORS EURO CONDAL. Ascensors Sant Vicen\u00e7. Empresa experta en el manteniment i la instal\u00b7laci\u00f3 d'elevadors a Sant Vicen\u00e7 dels Horts","breadcrumb":{"@id":"https:\/\/ascensorescondal.com\/ca\/ascensors-san-vicenc-dels-horts\/#breadcrumb"},"inLanguage":"ca","potentialAction":[{"@type":"ReadAction","target":["https:\/\/ascensorescondal.com\/ca\/ascensors-san-vicenc-dels-horts\/"]}]},{"@type":"BreadcrumbList","@id":"https:\/\/ascensorescondal.com\/ca\/ascensors-san-vicenc-dels-horts\/#breadcrumb","itemListElement":[{"@type":"ListItem","position":1,"name":"Portada","item":"https:\/\/ascensorescondal.com\/ca\/"},{"@type":"ListItem","position":2,"name":"Ascensores Sant Vicen\u00e7 dels Horts"}]},{"@type":"WebSite","@id":"https:\/\/ascensorescondal.com\/ca\/#website","url":"https:\/\/ascensorescondal.com\/ca\/","name":"","description":"","potentialAction":[{"@type":"SearchAction","target":{"@type":"EntryPoint","urlTemplate":"https:\/\/ascensorescondal.com\/ca\/?s={search_term_string}"},"query-input":{"@type":"PropertyValueSpecification","valueRequired":true,"valueName":"search_term_string"}}],"inLanguage":"ca"}]}},"_links":{"self":[{"href":"https:\/\/ascensorescondal.com\/ca\/wp-json\/wp\/v2\/pages\/768","targetHints":{"allow":["GET"]}}],"collection":[{"href":"https:\/\/ascensorescondal.com\/ca\/wp-json\/wp\/v2\/pages"}],"about":[{"href":"https:\/\/ascensorescondal.com\/ca\/wp-json\/wp\/v2\/types\/page"}],"author":[{"embeddable":true,"href":"https:\/\/ascensorescondal.com\/ca\/wp-json\/wp\/v2\/users\/1"}],"replies":[{"embeddable":true,"href":"https:\/\/ascensorescondal.com\/ca\/wp-json\/wp\/v2\/comments?post=768"}],"version-history":[{"count":2,"href":"https:\/\/ascensorescondal.com\/ca\/wp-json\/wp\/v2\/pages\/768\/revisions"}],"predecessor-version":[{"id":1547,"href":"https:\/\/ascensorescondal.com\/ca\/wp-json\/wp\/v2\/pages\/768\/revisions\/1547"}],"wp:attachment":[{"href":"https:\/\/ascensorescondal.com\/ca\/wp-json\/wp\/v2\/media?parent=768"}],"curies":[{"name":"wp","href":"https:\/\/api.w.org\/{rel}","templated":true}]}}

Ascensores Sant Vicenç dels Horts

<h1 class="uk-article-title">Ascensors Sant Vicenç dels Horts</h1>
<p><img fetchpriority="high" decoding="async" class="alignright wp-image-39 size-medium" src="/wp-content/uploads/2016/05/DSC_0960-685x1024-201x300.jpg" alt="ascensors sant vicenç" width="201" height="300" />Si busqueu el millor servei per a la instal·lació d&#8217;ascensors a Cerdanyola, Sant Vicenç dels Horts o qualsevol altra població de la província, poseu-vos a les mans d&#8217;Ascensors Comtal. Disposem de la més variada oferta d&#8217;elevadors perquè els nostres assessors especialitzats us recomanin el model que millor s&#8217;adapti a les vostres necessitats.</p>
<p>Amb nosaltres rebrà un <strong>tracte personalitzat, compromès i responsable</strong> que buscarà oferir-li un servei amb uns resultats de qualitat immillorables sense que això suposi un sobrecost al pressupost. És per això que Ascensors Condal té la millor relació qualitat-preu del mercat.</p>
<p>A més, si ja té un elevador al seu lloc de residència, Ascensors Condal també ofereix des de <strong>serveis de manteniment i rehabilitació</strong>, fins a modernització de la maquinària amb l&#8217;objectiu de reduir la despesa en consum elèctric.</p>
<p>Contacteu amb nosaltres per obtenir més informació i dipositar la vostra confiança en un equip que porta des dels seus inicis dedicat a facilitar i millorar la vida de les persones.</p>

<p>Ascensors Sant Vicenç dels Horts Si busqueu el millor servei per a la instal·lació d&#8217;ascensors a Cerdanyola, Sant Vicenç dels Horts o qualsevol altra població de la província, poseu-vos a les mans d&#8217;Ascensors Comtal. Disposem de la més variada oferta d&#8217;elevadors perquè els nostres assessors especialitzats us recomanin el model que millor s&#8217;adapti a les &hellip;</p>
<p class="read-more"> <a class="" href="https://ascensorescondal.com/ca/ascensors-san-vicenc-dels-horts/"> <span class="screen-reader-text">Ascensores Sant Vicenç dels Horts</span> Llegeix més &raquo;</a></p>

<!-- This site is optimized with the Yoast SEO plugin v26.0 - https://yoast.com/wordpress/plugins/seo/ -->
<title>Ascensors Sant Vicenç dels Horts. Manteniment ascensor</title>
<meta name="description" content="ASCENSORS EURO CONDAL. Ascensors Sant Vicenç. Empresa experta en el manteniment i la instal·lació d&#039;elevadors a Sant Vicenç dels Horts" />
<meta name="robots" content="index, follow, max-snippet:-1, max-image-preview:large, max-video-preview:-1" />
<link rel="canonical" href="https://ascensorescondal.com/ca/ascensors-san-vicenc-dels-horts/" />
<meta property="og:locale" content="ca_ES" />
<meta property="og:type" content="article" />
<meta property="og:title" content="Ascensors Sant Vicenç dels Horts. Manteniment ascensor" />
<meta property="og:description" content="ASCENSORS EURO CONDAL. Ascensors Sant Vicenç. Empresa experta en el manteniment i la instal·lació d&#039;elevadors a Sant Vicenç dels Horts" />
<meta property="og:url" content="https://ascensorescondal.com/ca/ascensors-san-vicenc-dels-horts/" />
<meta property="article:modified_time" content="2024-04-05T12:07:24+00:00" />
<meta name="twitter:card" content="summary_large_image" />
<meta name="twitter:label1" content="Temps estimat de lectura" />
	<meta name="twitter:data1" content="1 minut" />
<script type="application/ld+json" class="yoast-schema-graph">{"@context":"https://schema.org","@graph":[{"@type":"WebPage","@id":"https://ascensorescondal.com/ca/ascensors-san-vicenc-dels-horts/","url":"https://ascensorescondal.com/ca/ascensors-san-vicenc-dels-horts/","name":"Ascensors Sant Vicenç dels Horts. Manteniment ascensor","isPartOf":{"@id":"https://ascensorescondal.com/ca/#website"},"datePublished":"2016-10-04T13:55:46+00:00","dateModified":"2024-04-05T12:07:24+00:00","description":"ASCENSORS EURO CONDAL. Ascensors Sant Vicenç. Empresa experta en el manteniment i la instal·lació d'elevadors a Sant Vicenç dels Horts","breadcrumb":{"@id":"https://ascensorescondal.com/ca/ascensors-san-vicenc-dels-horts/#breadcrumb"},"inLanguage":"ca","potentialAction":[{"@type":"ReadAction","target":["https://ascensorescondal.com/ca/ascensors-san-vicenc-dels-horts/"]}]},{"@type":"BreadcrumbList","@id":"https://ascensorescondal.com/ca/ascensors-san-vicenc-dels-horts/#breadcrumb","itemListElement":[{"@type":"ListItem","position":1,"name":"Portada","item":"https://ascensorescondal.com/ca/"},{"@type":"ListItem","position":2,"name":"Ascensores Sant Vicenç dels Horts"}]},{"@type":"WebSite","@id":"https://ascensorescondal.com/ca/#website","url":"https://ascensorescondal.com/ca/","name":"","description":"","potentialAction":[{"@type":"SearchAction","target":{"@type":"EntryPoint","urlTemplate":"https://ascensorescondal.com/ca/?s={search_term_string}"},"query-input":{"@type":"PropertyValueSpecification","valueRequired":true,"valueName":"search_term_string"}}],"inLanguage":"ca"}]}</script>
<!-- / Yoast SEO plugin. -->

Ascensors Sant Vicenç dels Horts. Manteniment ascensor

ASCENSORS EURO CONDAL. Ascensors Sant Vicenç. Empresa experta en el manteniment i la instal·lació d'elevadors a Sant Vicenç dels Horts
