{"id":758,"date":"2016-10-04T08:35:30","date_gmt":"2016-10-04T08:35:30","guid":{"rendered":"http:\/\/ascensorescondal.com\/newproyect\/?page_id=195"},"modified":"2024-04-05T13:46:12","modified_gmt":"2024-04-05T11:46:12","slug":"ascensors-sant-cugat-del-valles","status":"publish","type":"page","link":"https:\/\/ascensorescondal.com\/ca\/ascensors-sant-cugat-del-valles\/","title":{"rendered":"Ascensores Sant Cugat del Valles"},"content":{"rendered":"<h1>Ascensors Sant Cugat del Vall\u00e8s<\/h1>\n<p><img fetchpriority=\"high\" decoding=\"async\" class=\"alignright wp-image-39 size-medium\" src=\"\/wp-content\/uploads\/2016\/05\/DSC_0960-685x1024-201x300.jpg\" alt=\"ascensor sant cugat\" width=\"201\" height=\"300\" \/>A Ascensors Condal ens hem posicionat al llarg dels anys com una de les empreses l\u00edders en el sector de la <strong>instal\u00b7laci\u00f3, manteniment i modernitzaci\u00f3 d&#8217;elevadors<\/strong>. Aix\u00f2 nom\u00e9s ha estat possible gr\u00e0cies al fet de disposar del millor equip de professionals, ia l&#8217;afany a mantenir-nos fidels als ideals amb qu\u00e8 es va fundar la nostra empresa: millorar la qualitat de vida dels nostres clients.<\/p>\n<p>A m\u00e9s comptem amb <strong>la millor relaci\u00f3 qualitat-preu del mercat<\/strong>. Amb nosaltres obtindr\u00e0 un servei integral a la instal\u00b7laci\u00f3 del seu elevador, on ens ocuparem de tots els passos necessaris per a la realitzaci\u00f3 de l&#8217;obra. D&#8217;altra banda, la nostra cobertura \u00e9s total, treballem amb tota mena d&#8217;ascensors tant a habitatges particulars com a comunitats de ve\u00efns, a m\u00e9s d&#8217;adaptar-nos a les necessitats de cada client.<\/p>\n<p>No ho dubteu m\u00e9s i si necessiteu un servei t\u00e8cnic d&#8217;instal\u00b7laci\u00f3 i manteniment d&#8217;ascensors a Sant Cugat del Vall\u00e8s, Masnou o qualsevol altre lloc de la prov\u00edncia, Ascensors Condal us proporcionar\u00e0 un servei excepcional amb resultats immillorables. Poseu-vos en contacte amb nosaltres per obtenir m\u00e9s informaci\u00f3.<\/p>\n","protected":false},"excerpt":{"rendered":"<p>Ascensors Sant Cugat del Vall\u00e8s A Ascensors Condal ens hem posicionat al llarg dels anys com una de les empreses l\u00edders en el sector de la instal\u00b7laci\u00f3, manteniment i modernitzaci\u00f3 d&#8217;elevadors. Aix\u00f2 nom\u00e9s ha estat possible gr\u00e0cies al fet de disposar del millor equip de professionals, ia l&#8217;afany a mantenir-nos fidels als ideals amb qu\u00e8 &hellip;<\/p>\n<p class=\"read-more\"> <a class=\"\" href=\"https:\/\/ascensorescondal.com\/ca\/ascensors-sant-cugat-del-valles\/\"> <span class=\"screen-reader-text\">Ascensores Sant Cugat del Valles<\/span> Llegeix m\u00e9s &raquo;<\/a><\/p>\n","protected":false},"author":1,"featured_media":0,"parent":0,"menu_order":0,"comment_status":"closed","ping_status":"closed","template":"","meta":{"site-sidebar-layout":"default","site-content-layout":"","ast-site-content-layout":"default","site-content-style":"default","site-sidebar-style":"default","ast-global-header-display":"","ast-banner-title-visibility":"","ast-main-header-display":"","ast-hfb-above-header-display":"","ast-hfb-below-header-display":"","ast-hfb-mobile-header-display":"","site-post-title":"","ast-breadcrumbs-content":"","ast-featured-img":"","footer-sml-layout":"","theme-transparent-header-meta":"default","adv-header-id-meta":"","stick-header-meta":"","header-above-stick-meta":"","header-main-stick-meta":"","header-below-stick-meta":"","astra-migrate-meta-layouts":"set","footnotes":""},"class_list":["post-758","page","type-page","status-publish","hentry"],"yoast_head":"<!-- This site is optimized with the Yoast SEO plugin v26.0 - https:\/\/yoast.com\/wordpress\/plugins\/seo\/ -->\n<title>Ascensors Sant Cugat del Vall\u00e8s. Manteniment elevador<\/title>\n<meta name=\"description\" content=\"ASCENSORS EUROCONDAL. Ascensors Sant Cugat del Vall\u00e8s. Experts en el manteniment i la instal\u00b7laci\u00f3 d&#039;elevadors a Sant Cugat del Vall\u00e8s\" \/>\n<meta name=\"robots\" content=\"index, follow, max-snippet:-1, max-image-preview:large, max-video-preview:-1\" \/>\n<link rel=\"canonical\" href=\"https:\/\/ascensorescondal.com\/ca\/ascensors-sant-cugat-del-valles\/\" \/>\n<meta property=\"og:locale\" content=\"ca_ES\" \/>\n<meta property=\"og:type\" content=\"article\" \/>\n<meta property=\"og:title\" content=\"Ascensors Sant Cugat del Vall\u00e8s. Manteniment elevador\" \/>\n<meta property=\"og:description\" content=\"ASCENSORS EUROCONDAL. Ascensors Sant Cugat del Vall\u00e8s. Experts en el manteniment i la instal\u00b7laci\u00f3 d&#039;elevadors a Sant Cugat del Vall\u00e8s\" \/>\n<meta property=\"og:url\" content=\"https:\/\/ascensorescondal.com\/ca\/ascensors-sant-cugat-del-valles\/\" \/>\n<meta property=\"article:modified_time\" content=\"2024-04-05T11:46:12+00:00\" \/>\n<meta name=\"twitter:card\" content=\"summary_large_image\" \/>\n<meta name=\"twitter:label1\" content=\"Temps estimat de lectura\" \/>\n\t<meta name=\"twitter:data1\" content=\"2 minuts\" \/>\n<script type=\"application\/ld+json\" class=\"yoast-schema-graph\">{\"@context\":\"https:\/\/schema.org\",\"@graph\":[{\"@type\":\"WebPage\",\"@id\":\"https:\/\/ascensorescondal.com\/ca\/ascensors-sant-cugat-del-valles\/\",\"url\":\"https:\/\/ascensorescondal.com\/ca\/ascensors-sant-cugat-del-valles\/\",\"name\":\"Ascensors Sant Cugat del Vall\u00e8s. Manteniment elevador\",\"isPartOf\":{\"@id\":\"https:\/\/ascensorescondal.com\/ca\/#website\"},\"datePublished\":\"2016-10-04T08:35:30+00:00\",\"dateModified\":\"2024-04-05T11:46:12+00:00\",\"description\":\"ASCENSORS EUROCONDAL. Ascensors Sant Cugat del Vall\u00e8s. Experts en el manteniment i la instal\u00b7laci\u00f3 d'elevadors a Sant Cugat del Vall\u00e8s\",\"breadcrumb\":{\"@id\":\"https:\/\/ascensorescondal.com\/ca\/ascensors-sant-cugat-del-valles\/#breadcrumb\"},\"inLanguage\":\"ca\",\"potentialAction\":[{\"@type\":\"ReadAction\",\"target\":[\"https:\/\/ascensorescondal.com\/ca\/ascensors-sant-cugat-del-valles\/\"]}]},{\"@type\":\"BreadcrumbList\",\"@id\":\"https:\/\/ascensorescondal.com\/ca\/ascensors-sant-cugat-del-valles\/#breadcrumb\",\"itemListElement\":[{\"@type\":\"ListItem\",\"position\":1,\"name\":\"Portada\",\"item\":\"https:\/\/ascensorescondal.com\/ca\/\"},{\"@type\":\"ListItem\",\"position\":2,\"name\":\"Ascensores Sant Cugat del Valles\"}]},{\"@type\":\"WebSite\",\"@id\":\"https:\/\/ascensorescondal.com\/ca\/#website\",\"url\":\"https:\/\/ascensorescondal.com\/ca\/\",\"name\":\"\",\"description\":\"\",\"potentialAction\":[{\"@type\":\"SearchAction\",\"target\":{\"@type\":\"EntryPoint\",\"urlTemplate\":\"https:\/\/ascensorescondal.com\/ca\/?s={search_term_string}\"},\"query-input\":{\"@type\":\"PropertyValueSpecification\",\"valueRequired\":true,\"valueName\":\"search_term_string\"}}],\"inLanguage\":\"ca\"}]}<\/script>\n<!-- \/ Yoast SEO plugin. -->","yoast_head_json":{"title":"Ascensors Sant Cugat del Vall\u00e8s. Manteniment elevador","description":"ASCENSORS EUROCONDAL. Ascensors Sant Cugat del Vall\u00e8s. Experts en el manteniment i la instal\u00b7laci\u00f3 d'elevadors a Sant Cugat del Vall\u00e8s","robots":{"index":"index","follow":"follow","max-snippet":"max-snippet:-1","max-image-preview":"max-image-preview:large","max-video-preview":"max-video-preview:-1"},"canonical":"https:\/\/ascensorescondal.com\/ca\/ascensors-sant-cugat-del-valles\/","og_locale":"ca_ES","og_type":"article","og_title":"Ascensors Sant Cugat del Vall\u00e8s. Manteniment elevador","og_description":"ASCENSORS EUROCONDAL. Ascensors Sant Cugat del Vall\u00e8s. Experts en el manteniment i la instal\u00b7laci\u00f3 d'elevadors a Sant Cugat del Vall\u00e8s","og_url":"https:\/\/ascensorescondal.com\/ca\/ascensors-sant-cugat-del-valles\/","article_modified_time":"2024-04-05T11:46:12+00:00","twitter_card":"summary_large_image","twitter_misc":{"Temps estimat de lectura":"2 minuts"},"schema":{"@context":"https:\/\/schema.org","@graph":[{"@type":"WebPage","@id":"https:\/\/ascensorescondal.com\/ca\/ascensors-sant-cugat-del-valles\/","url":"https:\/\/ascensorescondal.com\/ca\/ascensors-sant-cugat-del-valles\/","name":"Ascensors Sant Cugat del Vall\u00e8s. Manteniment elevador","isPartOf":{"@id":"https:\/\/ascensorescondal.com\/ca\/#website"},"datePublished":"2016-10-04T08:35:30+00:00","dateModified":"2024-04-05T11:46:12+00:00","description":"ASCENSORS EUROCONDAL. Ascensors Sant Cugat del Vall\u00e8s. Experts en el manteniment i la instal\u00b7laci\u00f3 d'elevadors a Sant Cugat del Vall\u00e8s","breadcrumb":{"@id":"https:\/\/ascensorescondal.com\/ca\/ascensors-sant-cugat-del-valles\/#breadcrumb"},"inLanguage":"ca","potentialAction":[{"@type":"ReadAction","target":["https:\/\/ascensorescondal.com\/ca\/ascensors-sant-cugat-del-valles\/"]}]},{"@type":"BreadcrumbList","@id":"https:\/\/ascensorescondal.com\/ca\/ascensors-sant-cugat-del-valles\/#breadcrumb","itemListElement":[{"@type":"ListItem","position":1,"name":"Portada","item":"https:\/\/ascensorescondal.com\/ca\/"},{"@type":"ListItem","position":2,"name":"Ascensores Sant Cugat del Valles"}]},{"@type":"WebSite","@id":"https:\/\/ascensorescondal.com\/ca\/#website","url":"https:\/\/ascensorescondal.com\/ca\/","name":"","description":"","potentialAction":[{"@type":"SearchAction","target":{"@type":"EntryPoint","urlTemplate":"https:\/\/ascensorescondal.com\/ca\/?s={search_term_string}"},"query-input":{"@type":"PropertyValueSpecification","valueRequired":true,"valueName":"search_term_string"}}],"inLanguage":"ca"}]}},"_links":{"self":[{"href":"https:\/\/ascensorescondal.com\/ca\/wp-json\/wp\/v2\/pages\/758","targetHints":{"allow":["GET"]}}],"collection":[{"href":"https:\/\/ascensorescondal.com\/ca\/wp-json\/wp\/v2\/pages"}],"about":[{"href":"https:\/\/ascensorescondal.com\/ca\/wp-json\/wp\/v2\/types\/page"}],"author":[{"embeddable":true,"href":"https:\/\/ascensorescondal.com\/ca\/wp-json\/wp\/v2\/users\/1"}],"replies":[{"embeddable":true,"href":"https:\/\/ascensorescondal.com\/ca\/wp-json\/wp\/v2\/comments?post=758"}],"version-history":[{"count":1,"href":"https:\/\/ascensorescondal.com\/ca\/wp-json\/wp\/v2\/pages\/758\/revisions"}],"predecessor-version":[{"id":1535,"href":"https:\/\/ascensorescondal.com\/ca\/wp-json\/wp\/v2\/pages\/758\/revisions\/1535"}],"wp:attachment":[{"href":"https:\/\/ascensorescondal.com\/ca\/wp-json\/wp\/v2\/media?parent=758"}],"curies":[{"name":"wp","href":"https:\/\/api.w.org\/{rel}","templated":true}]}}

<h1>Ascensors Sant Cugat del Vallès</h1>
<p><img fetchpriority="high" decoding="async" class="alignright wp-image-39 size-medium" src="/wp-content/uploads/2016/05/DSC_0960-685x1024-201x300.jpg" alt="ascensor sant cugat" width="201" height="300" />A Ascensors Condal ens hem posicionat al llarg dels anys com una de les empreses líders en el sector de la <strong>instal·lació, manteniment i modernització d&#8217;elevadors</strong>. Això només ha estat possible gràcies al fet de disposar del millor equip de professionals, ia l&#8217;afany a mantenir-nos fidels als ideals amb què es va fundar la nostra empresa: millorar la qualitat de vida dels nostres clients.</p>
<p>A més comptem amb <strong>la millor relació qualitat-preu del mercat</strong>. Amb nosaltres obtindrà un servei integral a la instal·lació del seu elevador, on ens ocuparem de tots els passos necessaris per a la realització de l&#8217;obra. D&#8217;altra banda, la nostra cobertura és total, treballem amb tota mena d&#8217;ascensors tant a habitatges particulars com a comunitats de veïns, a més d&#8217;adaptar-nos a les necessitats de cada client.</p>
<p>No ho dubteu més i si necessiteu un servei tècnic d&#8217;instal·lació i manteniment d&#8217;ascensors a Sant Cugat del Vallès, Masnou o qualsevol altre lloc de la província, Ascensors Condal us proporcionarà un servei excepcional amb resultats immillorables. Poseu-vos en contacte amb nosaltres per obtenir més informació.</p>

<p>Ascensors Sant Cugat del Vallès A Ascensors Condal ens hem posicionat al llarg dels anys com una de les empreses líders en el sector de la instal·lació, manteniment i modernització d&#8217;elevadors. Això només ha estat possible gràcies al fet de disposar del millor equip de professionals, ia l&#8217;afany a mantenir-nos fidels als ideals amb què &hellip;</p>
<p class="read-more"> <a class="" href="https://ascensorescondal.com/ca/ascensors-sant-cugat-del-valles/"> <span class="screen-reader-text">Ascensores Sant Cugat del Valles</span> Llegeix més &raquo;</a></p>

<!-- This site is optimized with the Yoast SEO plugin v26.0 - https://yoast.com/wordpress/plugins/seo/ -->
<title>Ascensors Sant Cugat del Vallès. Manteniment elevador</title>
<meta name="description" content="ASCENSORS EUROCONDAL. Ascensors Sant Cugat del Vallès. Experts en el manteniment i la instal·lació d&#039;elevadors a Sant Cugat del Vallès" />
<meta name="robots" content="index, follow, max-snippet:-1, max-image-preview:large, max-video-preview:-1" />
<link rel="canonical" href="https://ascensorescondal.com/ca/ascensors-sant-cugat-del-valles/" />
<meta property="og:locale" content="ca_ES" />
<meta property="og:type" content="article" />
<meta property="og:title" content="Ascensors Sant Cugat del Vallès. Manteniment elevador" />
<meta property="og:description" content="ASCENSORS EUROCONDAL. Ascensors Sant Cugat del Vallès. Experts en el manteniment i la instal·lació d&#039;elevadors a Sant Cugat del Vallès" />
<meta property="og:url" content="https://ascensorescondal.com/ca/ascensors-sant-cugat-del-valles/" />
<meta property="article:modified_time" content="2024-04-05T11:46:12+00:00" />
<meta name="twitter:card" content="summary_large_image" />
<meta name="twitter:label1" content="Temps estimat de lectura" />
	<meta name="twitter:data1" content="2 minuts" />
<script type="application/ld+json" class="yoast-schema-graph">{"@context":"https://schema.org","@graph":[{"@type":"WebPage","@id":"https://ascensorescondal.com/ca/ascensors-sant-cugat-del-valles/","url":"https://ascensorescondal.com/ca/ascensors-sant-cugat-del-valles/","name":"Ascensors Sant Cugat del Vallès. Manteniment elevador","isPartOf":{"@id":"https://ascensorescondal.com/ca/#website"},"datePublished":"2016-10-04T08:35:30+00:00","dateModified":"2024-04-05T11:46:12+00:00","description":"ASCENSORS EUROCONDAL. Ascensors Sant Cugat del Vallès. Experts en el manteniment i la instal·lació d'elevadors a Sant Cugat del Vallès","breadcrumb":{"@id":"https://ascensorescondal.com/ca/ascensors-sant-cugat-del-valles/#breadcrumb"},"inLanguage":"ca","potentialAction":[{"@type":"ReadAction","target":["https://ascensorescondal.com/ca/ascensors-sant-cugat-del-valles/"]}]},{"@type":"BreadcrumbList","@id":"https://ascensorescondal.com/ca/ascensors-sant-cugat-del-valles/#breadcrumb","itemListElement":[{"@type":"ListItem","position":1,"name":"Portada","item":"https://ascensorescondal.com/ca/"},{"@type":"ListItem","position":2,"name":"Ascensores Sant Cugat del Valles"}]},{"@type":"WebSite","@id":"https://ascensorescondal.com/ca/#website","url":"https://ascensorescondal.com/ca/","name":"","description":"","potentialAction":[{"@type":"SearchAction","target":{"@type":"EntryPoint","urlTemplate":"https://ascensorescondal.com/ca/?s={search_term_string}"},"query-input":{"@type":"PropertyValueSpecification","valueRequired":true,"valueName":"search_term_string"}}],"inLanguage":"ca"}]}</script>
<!-- / Yoast SEO plugin. -->

Ascensors Sant Cugat del Vallès. Manteniment elevador

ASCENSORS EUROCONDAL. Ascensors Sant Cugat del Vallès. Experts en el manteniment i la instal·lació d'elevadors a Sant Cugat del Vallès
