{"id":756,"date":"2016-10-04T08:28:00","date_gmt":"2016-10-04T08:28:00","guid":{"rendered":"http:\/\/ascensorescondal.com\/newproyect\/?page_id=191"},"modified":"2024-04-05T13:45:21","modified_gmt":"2024-04-05T11:45:21","slug":"ascensors-montcada-i-reixac","status":"publish","type":"page","link":"https:\/\/ascensorescondal.com\/ca\/ascensors-montcada-i-reixac\/","title":{"rendered":"Ascensores Montcada i Reixac"},"content":{"rendered":"<h1>Ascensors Montcada i Reixac<\/h1>\n<p><img fetchpriority=\"high\" decoding=\"async\" class=\"alignright wp-image-39\" src=\"\/wp-content\/uploads\/2016\/05\/DSC_0960-685x1024-201x300.jpg\" alt=\"ascensor muntada\" width=\"214\" height=\"320\" \/>En ascensors Condal disposem de servei d&#8217;instal\u00b7laci\u00f3 i manteniment d&#8217;elevadors a Santa Coloma, Masnou, Sabadell i, en resum, tota la prov\u00edncia de Barcelona. Els nostres anys de treball al sector ens han perm\u00e8s desenvolupar un servei integral per a la instal\u00b7laci\u00f3 d&#8217;ascensors en tot tipus de construccions, i \u00e9s que amb nosaltres no s&#8217;haur\u00e0 de preocupar de res ja que ens encarregarem de tots els processos que requereix una obra de aquest calibre. Des d&#8217;aconseguir els permisos de l&#8217;ajuntament fins a l&#8217;estudi arquitect\u00f2nic previ, passant pel muntatge i el manteniment posterior.<\/p>\n<p>La nostra feina no seria possible si no tingu\u00e9ssim el millor equip d&#8217;especialistes amb nosaltres i que asseguren la realitzaci\u00f3 d&#8217;un treball de qualitat immillorable. A m\u00e9s contractant els nostres serveis, vost\u00e8 tindr\u00e0 la darrera paraula, de principi a fi dobra. Per tant, si necessiteu <strong>servei de manteniment o instal\u00b7laci\u00f3 d&#8217;elevadors<\/strong> no ho dubteu m\u00e9s i poseu-vos a les nostres mans. Per a m\u00e9s informaci\u00f3 contacteu amb nosaltres i us informarem encantats.<\/p>\n","protected":false},"excerpt":{"rendered":"<p>Ascensors Montcada i Reixac En ascensors Condal disposem de servei d&#8217;instal\u00b7laci\u00f3 i manteniment d&#8217;elevadors a Santa Coloma, Masnou, Sabadell i, en resum, tota la prov\u00edncia de Barcelona. Els nostres anys de treball al sector ens han perm\u00e8s desenvolupar un servei integral per a la instal\u00b7laci\u00f3 d&#8217;ascensors en tot tipus de construccions, i \u00e9s que amb &hellip;<\/p>\n<p class=\"read-more\"> <a class=\"\" href=\"https:\/\/ascensorescondal.com\/ca\/ascensors-montcada-i-reixac\/\"> <span class=\"screen-reader-text\">Ascensores Montcada i Reixac<\/span> Llegeix m\u00e9s &raquo;<\/a><\/p>\n","protected":false},"author":1,"featured_media":0,"parent":0,"menu_order":0,"comment_status":"closed","ping_status":"closed","template":"","meta":{"site-sidebar-layout":"default","site-content-layout":"","ast-site-content-layout":"default","site-content-style":"default","site-sidebar-style":"default","ast-global-header-display":"","ast-banner-title-visibility":"","ast-main-header-display":"","ast-hfb-above-header-display":"","ast-hfb-below-header-display":"","ast-hfb-mobile-header-display":"","site-post-title":"","ast-breadcrumbs-content":"","ast-featured-img":"","footer-sml-layout":"","theme-transparent-header-meta":"default","adv-header-id-meta":"","stick-header-meta":"","header-above-stick-meta":"","header-main-stick-meta":"","header-below-stick-meta":"","astra-migrate-meta-layouts":"set","footnotes":""},"class_list":["post-756","page","type-page","status-publish","hentry"],"yoast_head":"<!-- This site is optimized with the Yoast SEO plugin v26.0 - https:\/\/yoast.com\/wordpress\/plugins\/seo\/ -->\n<title>Ascensors Montcada i Reixac. Manteniment elevador<\/title>\n<meta name=\"description\" content=\"ASCENSORS EURO CONDAL. Elevadors. Serveis de conservaci\u00f3, modernitzaci\u00f3 i manteniment d&#039;ascensors a Montcada i Reixac\" \/>\n<meta name=\"robots\" content=\"index, follow, max-snippet:-1, max-image-preview:large, max-video-preview:-1\" \/>\n<link rel=\"canonical\" href=\"https:\/\/ascensorescondal.com\/ca\/ascensors-montcada-i-reixac\/\" \/>\n<meta property=\"og:locale\" content=\"ca_ES\" \/>\n<meta property=\"og:type\" content=\"article\" \/>\n<meta property=\"og:title\" content=\"Ascensors Montcada i Reixac. Manteniment elevador\" \/>\n<meta property=\"og:description\" content=\"ASCENSORS EURO CONDAL. Elevadors. Serveis de conservaci\u00f3, modernitzaci\u00f3 i manteniment d&#039;ascensors a Montcada i Reixac\" \/>\n<meta property=\"og:url\" content=\"https:\/\/ascensorescondal.com\/ca\/ascensors-montcada-i-reixac\/\" \/>\n<meta property=\"article:modified_time\" content=\"2024-04-05T11:45:21+00:00\" \/>\n<meta name=\"twitter:card\" content=\"summary_large_image\" \/>\n<meta name=\"twitter:label1\" content=\"Temps estimat de lectura\" \/>\n\t<meta name=\"twitter:data1\" content=\"1 minut\" \/>\n<script type=\"application\/ld+json\" class=\"yoast-schema-graph\">{\"@context\":\"https:\/\/schema.org\",\"@graph\":[{\"@type\":\"WebPage\",\"@id\":\"https:\/\/ascensorescondal.com\/ca\/ascensors-montcada-i-reixac\/\",\"url\":\"https:\/\/ascensorescondal.com\/ca\/ascensors-montcada-i-reixac\/\",\"name\":\"Ascensors Montcada i Reixac. Manteniment elevador\",\"isPartOf\":{\"@id\":\"https:\/\/ascensorescondal.com\/ca\/#website\"},\"datePublished\":\"2016-10-04T08:28:00+00:00\",\"dateModified\":\"2024-04-05T11:45:21+00:00\",\"description\":\"ASCENSORS EURO CONDAL. Elevadors. Serveis de conservaci\u00f3, modernitzaci\u00f3 i manteniment d'ascensors a Montcada i Reixac\",\"breadcrumb\":{\"@id\":\"https:\/\/ascensorescondal.com\/ca\/ascensors-montcada-i-reixac\/#breadcrumb\"},\"inLanguage\":\"ca\",\"potentialAction\":[{\"@type\":\"ReadAction\",\"target\":[\"https:\/\/ascensorescondal.com\/ca\/ascensors-montcada-i-reixac\/\"]}]},{\"@type\":\"BreadcrumbList\",\"@id\":\"https:\/\/ascensorescondal.com\/ca\/ascensors-montcada-i-reixac\/#breadcrumb\",\"itemListElement\":[{\"@type\":\"ListItem\",\"position\":1,\"name\":\"Portada\",\"item\":\"https:\/\/ascensorescondal.com\/ca\/\"},{\"@type\":\"ListItem\",\"position\":2,\"name\":\"Ascensores Montcada i Reixac\"}]},{\"@type\":\"WebSite\",\"@id\":\"https:\/\/ascensorescondal.com\/ca\/#website\",\"url\":\"https:\/\/ascensorescondal.com\/ca\/\",\"name\":\"\",\"description\":\"\",\"potentialAction\":[{\"@type\":\"SearchAction\",\"target\":{\"@type\":\"EntryPoint\",\"urlTemplate\":\"https:\/\/ascensorescondal.com\/ca\/?s={search_term_string}\"},\"query-input\":{\"@type\":\"PropertyValueSpecification\",\"valueRequired\":true,\"valueName\":\"search_term_string\"}}],\"inLanguage\":\"ca\"}]}<\/script>\n<!-- \/ Yoast SEO plugin. -->","yoast_head_json":{"title":"Ascensors Montcada i Reixac. Manteniment elevador","description":"ASCENSORS EURO CONDAL. Elevadors. Serveis de conservaci\u00f3, modernitzaci\u00f3 i manteniment d'ascensors a Montcada i Reixac","robots":{"index":"index","follow":"follow","max-snippet":"max-snippet:-1","max-image-preview":"max-image-preview:large","max-video-preview":"max-video-preview:-1"},"canonical":"https:\/\/ascensorescondal.com\/ca\/ascensors-montcada-i-reixac\/","og_locale":"ca_ES","og_type":"article","og_title":"Ascensors Montcada i Reixac. Manteniment elevador","og_description":"ASCENSORS EURO CONDAL. Elevadors. Serveis de conservaci\u00f3, modernitzaci\u00f3 i manteniment d'ascensors a Montcada i Reixac","og_url":"https:\/\/ascensorescondal.com\/ca\/ascensors-montcada-i-reixac\/","article_modified_time":"2024-04-05T11:45:21+00:00","twitter_card":"summary_large_image","twitter_misc":{"Temps estimat de lectura":"1 minut"},"schema":{"@context":"https:\/\/schema.org","@graph":[{"@type":"WebPage","@id":"https:\/\/ascensorescondal.com\/ca\/ascensors-montcada-i-reixac\/","url":"https:\/\/ascensorescondal.com\/ca\/ascensors-montcada-i-reixac\/","name":"Ascensors Montcada i Reixac. Manteniment elevador","isPartOf":{"@id":"https:\/\/ascensorescondal.com\/ca\/#website"},"datePublished":"2016-10-04T08:28:00+00:00","dateModified":"2024-04-05T11:45:21+00:00","description":"ASCENSORS EURO CONDAL. Elevadors. Serveis de conservaci\u00f3, modernitzaci\u00f3 i manteniment d'ascensors a Montcada i Reixac","breadcrumb":{"@id":"https:\/\/ascensorescondal.com\/ca\/ascensors-montcada-i-reixac\/#breadcrumb"},"inLanguage":"ca","potentialAction":[{"@type":"ReadAction","target":["https:\/\/ascensorescondal.com\/ca\/ascensors-montcada-i-reixac\/"]}]},{"@type":"BreadcrumbList","@id":"https:\/\/ascensorescondal.com\/ca\/ascensors-montcada-i-reixac\/#breadcrumb","itemListElement":[{"@type":"ListItem","position":1,"name":"Portada","item":"https:\/\/ascensorescondal.com\/ca\/"},{"@type":"ListItem","position":2,"name":"Ascensores Montcada i Reixac"}]},{"@type":"WebSite","@id":"https:\/\/ascensorescondal.com\/ca\/#website","url":"https:\/\/ascensorescondal.com\/ca\/","name":"","description":"","potentialAction":[{"@type":"SearchAction","target":{"@type":"EntryPoint","urlTemplate":"https:\/\/ascensorescondal.com\/ca\/?s={search_term_string}"},"query-input":{"@type":"PropertyValueSpecification","valueRequired":true,"valueName":"search_term_string"}}],"inLanguage":"ca"}]}},"_links":{"self":[{"href":"https:\/\/ascensorescondal.com\/ca\/wp-json\/wp\/v2\/pages\/756","targetHints":{"allow":["GET"]}}],"collection":[{"href":"https:\/\/ascensorescondal.com\/ca\/wp-json\/wp\/v2\/pages"}],"about":[{"href":"https:\/\/ascensorescondal.com\/ca\/wp-json\/wp\/v2\/types\/page"}],"author":[{"embeddable":true,"href":"https:\/\/ascensorescondal.com\/ca\/wp-json\/wp\/v2\/users\/1"}],"replies":[{"embeddable":true,"href":"https:\/\/ascensorescondal.com\/ca\/wp-json\/wp\/v2\/comments?post=756"}],"version-history":[{"count":1,"href":"https:\/\/ascensorescondal.com\/ca\/wp-json\/wp\/v2\/pages\/756\/revisions"}],"predecessor-version":[{"id":1532,"href":"https:\/\/ascensorescondal.com\/ca\/wp-json\/wp\/v2\/pages\/756\/revisions\/1532"}],"wp:attachment":[{"href":"https:\/\/ascensorescondal.com\/ca\/wp-json\/wp\/v2\/media?parent=756"}],"curies":[{"name":"wp","href":"https:\/\/api.w.org\/{rel}","templated":true}]}}

<h1>Ascensors Montcada i Reixac</h1>
<p><img fetchpriority="high" decoding="async" class="alignright wp-image-39" src="/wp-content/uploads/2016/05/DSC_0960-685x1024-201x300.jpg" alt="ascensor muntada" width="214" height="320" />En ascensors Condal disposem de servei d&#8217;instal·lació i manteniment d&#8217;elevadors a Santa Coloma, Masnou, Sabadell i, en resum, tota la província de Barcelona. Els nostres anys de treball al sector ens han permès desenvolupar un servei integral per a la instal·lació d&#8217;ascensors en tot tipus de construccions, i és que amb nosaltres no s&#8217;haurà de preocupar de res ja que ens encarregarem de tots els processos que requereix una obra de aquest calibre. Des d&#8217;aconseguir els permisos de l&#8217;ajuntament fins a l&#8217;estudi arquitectònic previ, passant pel muntatge i el manteniment posterior.</p>
<p>La nostra feina no seria possible si no tinguéssim el millor equip d&#8217;especialistes amb nosaltres i que asseguren la realització d&#8217;un treball de qualitat immillorable. A més contractant els nostres serveis, vostè tindrà la darrera paraula, de principi a fi dobra. Per tant, si necessiteu <strong>servei de manteniment o instal·lació d&#8217;elevadors</strong> no ho dubteu més i poseu-vos a les nostres mans. Per a més informació contacteu amb nosaltres i us informarem encantats.</p>

<p>Ascensors Montcada i Reixac En ascensors Condal disposem de servei d&#8217;instal·lació i manteniment d&#8217;elevadors a Santa Coloma, Masnou, Sabadell i, en resum, tota la província de Barcelona. Els nostres anys de treball al sector ens han permès desenvolupar un servei integral per a la instal·lació d&#8217;ascensors en tot tipus de construccions, i és que amb &hellip;</p>
<p class="read-more"> <a class="" href="https://ascensorescondal.com/ca/ascensors-montcada-i-reixac/"> <span class="screen-reader-text">Ascensores Montcada i Reixac</span> Llegeix més &raquo;</a></p>

<!-- This site is optimized with the Yoast SEO plugin v26.0 - https://yoast.com/wordpress/plugins/seo/ -->
<title>Ascensors Montcada i Reixac. Manteniment elevador</title>
<meta name="description" content="ASCENSORS EURO CONDAL. Elevadors. Serveis de conservació, modernització i manteniment d&#039;ascensors a Montcada i Reixac" />
<meta name="robots" content="index, follow, max-snippet:-1, max-image-preview:large, max-video-preview:-1" />
<link rel="canonical" href="https://ascensorescondal.com/ca/ascensors-montcada-i-reixac/" />
<meta property="og:locale" content="ca_ES" />
<meta property="og:type" content="article" />
<meta property="og:title" content="Ascensors Montcada i Reixac. Manteniment elevador" />
<meta property="og:description" content="ASCENSORS EURO CONDAL. Elevadors. Serveis de conservació, modernització i manteniment d&#039;ascensors a Montcada i Reixac" />
<meta property="og:url" content="https://ascensorescondal.com/ca/ascensors-montcada-i-reixac/" />
<meta property="article:modified_time" content="2024-04-05T11:45:21+00:00" />
<meta name="twitter:card" content="summary_large_image" />
<meta name="twitter:label1" content="Temps estimat de lectura" />
	<meta name="twitter:data1" content="1 minut" />
<script type="application/ld+json" class="yoast-schema-graph">{"@context":"https://schema.org","@graph":[{"@type":"WebPage","@id":"https://ascensorescondal.com/ca/ascensors-montcada-i-reixac/","url":"https://ascensorescondal.com/ca/ascensors-montcada-i-reixac/","name":"Ascensors Montcada i Reixac. Manteniment elevador","isPartOf":{"@id":"https://ascensorescondal.com/ca/#website"},"datePublished":"2016-10-04T08:28:00+00:00","dateModified":"2024-04-05T11:45:21+00:00","description":"ASCENSORS EURO CONDAL. Elevadors. Serveis de conservació, modernització i manteniment d'ascensors a Montcada i Reixac","breadcrumb":{"@id":"https://ascensorescondal.com/ca/ascensors-montcada-i-reixac/#breadcrumb"},"inLanguage":"ca","potentialAction":[{"@type":"ReadAction","target":["https://ascensorescondal.com/ca/ascensors-montcada-i-reixac/"]}]},{"@type":"BreadcrumbList","@id":"https://ascensorescondal.com/ca/ascensors-montcada-i-reixac/#breadcrumb","itemListElement":[{"@type":"ListItem","position":1,"name":"Portada","item":"https://ascensorescondal.com/ca/"},{"@type":"ListItem","position":2,"name":"Ascensores Montcada i Reixac"}]},{"@type":"WebSite","@id":"https://ascensorescondal.com/ca/#website","url":"https://ascensorescondal.com/ca/","name":"","description":"","potentialAction":[{"@type":"SearchAction","target":{"@type":"EntryPoint","urlTemplate":"https://ascensorescondal.com/ca/?s={search_term_string}"},"query-input":{"@type":"PropertyValueSpecification","valueRequired":true,"valueName":"search_term_string"}}],"inLanguage":"ca"}]}</script>
<!-- / Yoast SEO plugin. -->

ASCENSORS EURO CONDAL. Elevadors. Serveis de conservació, modernització i manteniment d'ascensors a Montcada i Reixac
