{"id":754,"date":"2016-10-04T08:23:24","date_gmt":"2016-10-04T08:23:24","guid":{"rendered":"http:\/\/ascensorescondal.com\/newproyect\/?page_id=187"},"modified":"2025-10-03T09:22:02","modified_gmt":"2025-10-03T07:22:02","slug":"ascensors-santa-coloma-de-gramenet","status":"publish","type":"page","link":"https:\/\/ascensorescondal.com\/ca\/ascensors-santa-coloma-de-gramenet\/","title":{"rendered":"Ascensores Santa Coloma de Gramenet"},"content":{"rendered":"<h1 class=\"uk-article-title\">Ascensors Santa Coloma de Gramenet<\/h1>\n<p><img decoding=\"async\" class=\"alignright wp-image-39\" src=\"\/wp-content\/uploads\/2016\/05\/DSC_0960-685x1024-201x300.jpg\" alt=\"ascensors santa coloma\" width=\"214\" height=\"320 \" \/>Si necessiteu un professional equip encarregat del manteniment d&#8217;ascensor a Sant Adri\u00e0, Santa Coloma de Gramenet o qualsevol altra ciutat de la prov\u00edncia, no trobareu millor opci\u00f3 al mercat que contractar els serveis d&#8217;Ascensors Condal. Amb nosaltres podr\u00e0 rebre un servei complet per al manteniment del seu elevador que asseguri un funcionament efica\u00e7 i allargui la seva vida \u00fatil.<\/p>\n<p><strong>La nostra experi\u00e8ncia al sector ens avala<\/strong>. Som una empresa dedicada durant anys a oferir un servei integral per a la instal\u00b7laci\u00f3, manteniment, modernitzaci\u00f3 i rehabilitaci\u00f3 d&#8217;elevadors en tot tipus d&#8217;edificis i construccions, oferint sempre el millor servei als nostres clients. \u00c9s per aix\u00f2 que ens encarreguem de dur a terme tots els passos necessaris per a la realitzaci\u00f3 de l&#8217;obra, <strong>estudis arquitect\u00f2nics, obtenci\u00f3 dels permisos pertinents, cerca de subvencions, etc.<\/strong><\/p>\n<p>Si voleu contractar algun dels nostres serveis, poseu-vos en contacte amb nosaltres i us informarem encantats.<\/p>\n","protected":false},"excerpt":{"rendered":"<p>Ascensors Santa Coloma de Gramenet Si necessiteu un professional equip encarregat del manteniment d&#8217;ascensor a Sant Adri\u00e0, Santa Coloma de Gramenet o qualsevol altra ciutat de la prov\u00edncia, no trobareu millor opci\u00f3 al mercat que contractar els serveis d&#8217;Ascensors Condal. Amb nosaltres podr\u00e0 rebre un servei complet per al manteniment del seu elevador que asseguri &hellip;<\/p>\n<p class=\"read-more\"> <a class=\"\" href=\"https:\/\/ascensorescondal.com\/ca\/ascensors-santa-coloma-de-gramenet\/\"> <span class=\"screen-reader-text\">Ascensores Santa Coloma de Gramenet<\/span> Llegeix m\u00e9s &raquo;<\/a><\/p>\n","protected":false},"author":1,"featured_media":0,"parent":0,"menu_order":0,"comment_status":"closed","ping_status":"closed","template":"","meta":{"site-sidebar-layout":"default","site-content-layout":"","ast-site-content-layout":"default","site-content-style":"default","site-sidebar-style":"default","ast-global-header-display":"","ast-banner-title-visibility":"","ast-main-header-display":"","ast-hfb-above-header-display":"","ast-hfb-below-header-display":"","ast-hfb-mobile-header-display":"","site-post-title":"","ast-breadcrumbs-content":"","ast-featured-img":"","footer-sml-layout":"","theme-transparent-header-meta":"default","adv-header-id-meta":"","stick-header-meta":"","header-above-stick-meta":"","header-main-stick-meta":"","header-below-stick-meta":"","astra-migrate-meta-layouts":"set","footnotes":""},"class_list":["post-754","page","type-page","status-publish","hentry"],"yoast_head":"<!-- This site is optimized with the Yoast SEO plugin v26.0 - https:\/\/yoast.com\/wordpress\/plugins\/seo\/ -->\n<title>Ascensors Santa Coloma de Gramenet. Manteniment elevador<\/title>\n<meta name=\"description\" content=\"ASCENSORS EURO CONDAL. Elevador Santa Coloma. Empresa experta en el manteniment i instal\u00b7laci\u00f3 d&#039;ascensors a Santa Coloma de Gramenet\" \/>\n<meta name=\"robots\" content=\"index, follow, max-snippet:-1, max-image-preview:large, max-video-preview:-1\" \/>\n<link rel=\"canonical\" href=\"https:\/\/ascensorescondal.com\/ca\/ascensors-santa-coloma-de-gramenet\/\" \/>\n<meta property=\"og:locale\" content=\"ca_ES\" \/>\n<meta property=\"og:type\" content=\"article\" \/>\n<meta property=\"og:title\" content=\"Ascensors Santa Coloma de Gramenet. Manteniment elevador\" \/>\n<meta property=\"og:description\" content=\"ASCENSORS EURO CONDAL. Elevador Santa Coloma. Empresa experta en el manteniment i instal\u00b7laci\u00f3 d&#039;ascensors a Santa Coloma de Gramenet\" \/>\n<meta property=\"og:url\" content=\"https:\/\/ascensorescondal.com\/ca\/ascensors-santa-coloma-de-gramenet\/\" \/>\n<meta property=\"article:modified_time\" content=\"2025-10-03T07:22:02+00:00\" \/>\n<meta name=\"twitter:card\" content=\"summary_large_image\" \/>\n<meta name=\"twitter:label1\" content=\"Temps estimat de lectura\" \/>\n\t<meta name=\"twitter:data1\" content=\"2 minuts\" \/>\n<script type=\"application\/ld+json\" class=\"yoast-schema-graph\">{\"@context\":\"https:\/\/schema.org\",\"@graph\":[{\"@type\":\"WebPage\",\"@id\":\"https:\/\/ascensorescondal.com\/ca\/ascensors-santa-coloma-de-gramenet\/\",\"url\":\"https:\/\/ascensorescondal.com\/ca\/ascensors-santa-coloma-de-gramenet\/\",\"name\":\"Ascensors Santa Coloma de Gramenet. Manteniment elevador\",\"isPartOf\":{\"@id\":\"https:\/\/ascensorescondal.com\/ca\/#website\"},\"datePublished\":\"2016-10-04T08:23:24+00:00\",\"dateModified\":\"2025-10-03T07:22:02+00:00\",\"description\":\"ASCENSORS EURO CONDAL. Elevador Santa Coloma. Empresa experta en el manteniment i instal\u00b7laci\u00f3 d'ascensors a Santa Coloma de Gramenet\",\"breadcrumb\":{\"@id\":\"https:\/\/ascensorescondal.com\/ca\/ascensors-santa-coloma-de-gramenet\/#breadcrumb\"},\"inLanguage\":\"ca\",\"potentialAction\":[{\"@type\":\"ReadAction\",\"target\":[\"https:\/\/ascensorescondal.com\/ca\/ascensors-santa-coloma-de-gramenet\/\"]}]},{\"@type\":\"BreadcrumbList\",\"@id\":\"https:\/\/ascensorescondal.com\/ca\/ascensors-santa-coloma-de-gramenet\/#breadcrumb\",\"itemListElement\":[{\"@type\":\"ListItem\",\"position\":1,\"name\":\"Portada\",\"item\":\"https:\/\/ascensorescondal.com\/ca\/\"},{\"@type\":\"ListItem\",\"position\":2,\"name\":\"Ascensores Santa Coloma de Gramenet\"}]},{\"@type\":\"WebSite\",\"@id\":\"https:\/\/ascensorescondal.com\/ca\/#website\",\"url\":\"https:\/\/ascensorescondal.com\/ca\/\",\"name\":\"\",\"description\":\"\",\"potentialAction\":[{\"@type\":\"SearchAction\",\"target\":{\"@type\":\"EntryPoint\",\"urlTemplate\":\"https:\/\/ascensorescondal.com\/ca\/?s={search_term_string}\"},\"query-input\":{\"@type\":\"PropertyValueSpecification\",\"valueRequired\":true,\"valueName\":\"search_term_string\"}}],\"inLanguage\":\"ca\"}]}<\/script>\n<!-- \/ Yoast SEO plugin. -->","yoast_head_json":{"title":"Ascensors Santa Coloma de Gramenet. Manteniment elevador","description":"ASCENSORS EURO CONDAL. Elevador Santa Coloma. Empresa experta en el manteniment i instal\u00b7laci\u00f3 d'ascensors a Santa Coloma de Gramenet","robots":{"index":"index","follow":"follow","max-snippet":"max-snippet:-1","max-image-preview":"max-image-preview:large","max-video-preview":"max-video-preview:-1"},"canonical":"https:\/\/ascensorescondal.com\/ca\/ascensors-santa-coloma-de-gramenet\/","og_locale":"ca_ES","og_type":"article","og_title":"Ascensors Santa Coloma de Gramenet. Manteniment elevador","og_description":"ASCENSORS EURO CONDAL. Elevador Santa Coloma. Empresa experta en el manteniment i instal\u00b7laci\u00f3 d'ascensors a Santa Coloma de Gramenet","og_url":"https:\/\/ascensorescondal.com\/ca\/ascensors-santa-coloma-de-gramenet\/","article_modified_time":"2025-10-03T07:22:02+00:00","twitter_card":"summary_large_image","twitter_misc":{"Temps estimat de lectura":"2 minuts"},"schema":{"@context":"https:\/\/schema.org","@graph":[{"@type":"WebPage","@id":"https:\/\/ascensorescondal.com\/ca\/ascensors-santa-coloma-de-gramenet\/","url":"https:\/\/ascensorescondal.com\/ca\/ascensors-santa-coloma-de-gramenet\/","name":"Ascensors Santa Coloma de Gramenet. Manteniment elevador","isPartOf":{"@id":"https:\/\/ascensorescondal.com\/ca\/#website"},"datePublished":"2016-10-04T08:23:24+00:00","dateModified":"2025-10-03T07:22:02+00:00","description":"ASCENSORS EURO CONDAL. Elevador Santa Coloma. Empresa experta en el manteniment i instal\u00b7laci\u00f3 d'ascensors a Santa Coloma de Gramenet","breadcrumb":{"@id":"https:\/\/ascensorescondal.com\/ca\/ascensors-santa-coloma-de-gramenet\/#breadcrumb"},"inLanguage":"ca","potentialAction":[{"@type":"ReadAction","target":["https:\/\/ascensorescondal.com\/ca\/ascensors-santa-coloma-de-gramenet\/"]}]},{"@type":"BreadcrumbList","@id":"https:\/\/ascensorescondal.com\/ca\/ascensors-santa-coloma-de-gramenet\/#breadcrumb","itemListElement":[{"@type":"ListItem","position":1,"name":"Portada","item":"https:\/\/ascensorescondal.com\/ca\/"},{"@type":"ListItem","position":2,"name":"Ascensores Santa Coloma de Gramenet"}]},{"@type":"WebSite","@id":"https:\/\/ascensorescondal.com\/ca\/#website","url":"https:\/\/ascensorescondal.com\/ca\/","name":"","description":"","potentialAction":[{"@type":"SearchAction","target":{"@type":"EntryPoint","urlTemplate":"https:\/\/ascensorescondal.com\/ca\/?s={search_term_string}"},"query-input":{"@type":"PropertyValueSpecification","valueRequired":true,"valueName":"search_term_string"}}],"inLanguage":"ca"}]}},"_links":{"self":[{"href":"https:\/\/ascensorescondal.com\/ca\/wp-json\/wp\/v2\/pages\/754","targetHints":{"allow":["GET"]}}],"collection":[{"href":"https:\/\/ascensorescondal.com\/ca\/wp-json\/wp\/v2\/pages"}],"about":[{"href":"https:\/\/ascensorescondal.com\/ca\/wp-json\/wp\/v2\/types\/page"}],"author":[{"embeddable":true,"href":"https:\/\/ascensorescondal.com\/ca\/wp-json\/wp\/v2\/users\/1"}],"replies":[{"embeddable":true,"href":"https:\/\/ascensorescondal.com\/ca\/wp-json\/wp\/v2\/comments?post=754"}],"version-history":[{"count":3,"href":"https:\/\/ascensorescondal.com\/ca\/wp-json\/wp\/v2\/pages\/754\/revisions"}],"predecessor-version":[{"id":1699,"href":"https:\/\/ascensorescondal.com\/ca\/wp-json\/wp\/v2\/pages\/754\/revisions\/1699"}],"wp:attachment":[{"href":"https:\/\/ascensorescondal.com\/ca\/wp-json\/wp\/v2\/media?parent=754"}],"curies":[{"name":"wp","href":"https:\/\/api.w.org\/{rel}","templated":true}]}}

<h1 class="uk-article-title">Ascensors Santa Coloma de Gramenet</h1>
<p><img decoding="async" class="alignright wp-image-39" src="/wp-content/uploads/2016/05/DSC_0960-685x1024-201x300.jpg" alt="ascensors santa coloma" width="214" height="320 " />Si necessiteu un professional equip encarregat del manteniment d&#8217;ascensor a Sant Adrià, Santa Coloma de Gramenet o qualsevol altra ciutat de la província, no trobareu millor opció al mercat que contractar els serveis d&#8217;Ascensors Condal. Amb nosaltres podrà rebre un servei complet per al manteniment del seu elevador que asseguri un funcionament eficaç i allargui la seva vida útil.</p>
<p><strong>La nostra experiència al sector ens avala</strong>. Som una empresa dedicada durant anys a oferir un servei integral per a la instal·lació, manteniment, modernització i rehabilitació d&#8217;elevadors en tot tipus d&#8217;edificis i construccions, oferint sempre el millor servei als nostres clients. És per això que ens encarreguem de dur a terme tots els passos necessaris per a la realització de l&#8217;obra, <strong>estudis arquitectònics, obtenció dels permisos pertinents, cerca de subvencions, etc.</strong></p>
<p>Si voleu contractar algun dels nostres serveis, poseu-vos en contacte amb nosaltres i us informarem encantats.</p>

<p>Ascensors Santa Coloma de Gramenet Si necessiteu un professional equip encarregat del manteniment d&#8217;ascensor a Sant Adrià, Santa Coloma de Gramenet o qualsevol altra ciutat de la província, no trobareu millor opció al mercat que contractar els serveis d&#8217;Ascensors Condal. Amb nosaltres podrà rebre un servei complet per al manteniment del seu elevador que asseguri &hellip;</p>
<p class="read-more"> <a class="" href="https://ascensorescondal.com/ca/ascensors-santa-coloma-de-gramenet/"> <span class="screen-reader-text">Ascensores Santa Coloma de Gramenet</span> Llegeix més &raquo;</a></p>

<!-- This site is optimized with the Yoast SEO plugin v26.0 - https://yoast.com/wordpress/plugins/seo/ -->
<title>Ascensors Santa Coloma de Gramenet. Manteniment elevador</title>
<meta name="description" content="ASCENSORS EURO CONDAL. Elevador Santa Coloma. Empresa experta en el manteniment i instal·lació d&#039;ascensors a Santa Coloma de Gramenet" />
<meta name="robots" content="index, follow, max-snippet:-1, max-image-preview:large, max-video-preview:-1" />
<link rel="canonical" href="https://ascensorescondal.com/ca/ascensors-santa-coloma-de-gramenet/" />
<meta property="og:locale" content="ca_ES" />
<meta property="og:type" content="article" />
<meta property="og:title" content="Ascensors Santa Coloma de Gramenet. Manteniment elevador" />
<meta property="og:description" content="ASCENSORS EURO CONDAL. Elevador Santa Coloma. Empresa experta en el manteniment i instal·lació d&#039;ascensors a Santa Coloma de Gramenet" />
<meta property="og:url" content="https://ascensorescondal.com/ca/ascensors-santa-coloma-de-gramenet/" />
<meta property="article:modified_time" content="2025-10-03T07:22:02+00:00" />
<meta name="twitter:card" content="summary_large_image" />
<meta name="twitter:label1" content="Temps estimat de lectura" />
	<meta name="twitter:data1" content="2 minuts" />
<script type="application/ld+json" class="yoast-schema-graph">{"@context":"https://schema.org","@graph":[{"@type":"WebPage","@id":"https://ascensorescondal.com/ca/ascensors-santa-coloma-de-gramenet/","url":"https://ascensorescondal.com/ca/ascensors-santa-coloma-de-gramenet/","name":"Ascensors Santa Coloma de Gramenet. Manteniment elevador","isPartOf":{"@id":"https://ascensorescondal.com/ca/#website"},"datePublished":"2016-10-04T08:23:24+00:00","dateModified":"2025-10-03T07:22:02+00:00","description":"ASCENSORS EURO CONDAL. Elevador Santa Coloma. Empresa experta en el manteniment i instal·lació d'ascensors a Santa Coloma de Gramenet","breadcrumb":{"@id":"https://ascensorescondal.com/ca/ascensors-santa-coloma-de-gramenet/#breadcrumb"},"inLanguage":"ca","potentialAction":[{"@type":"ReadAction","target":["https://ascensorescondal.com/ca/ascensors-santa-coloma-de-gramenet/"]}]},{"@type":"BreadcrumbList","@id":"https://ascensorescondal.com/ca/ascensors-santa-coloma-de-gramenet/#breadcrumb","itemListElement":[{"@type":"ListItem","position":1,"name":"Portada","item":"https://ascensorescondal.com/ca/"},{"@type":"ListItem","position":2,"name":"Ascensores Santa Coloma de Gramenet"}]},{"@type":"WebSite","@id":"https://ascensorescondal.com/ca/#website","url":"https://ascensorescondal.com/ca/","name":"","description":"","potentialAction":[{"@type":"SearchAction","target":{"@type":"EntryPoint","urlTemplate":"https://ascensorescondal.com/ca/?s={search_term_string}"},"query-input":{"@type":"PropertyValueSpecification","valueRequired":true,"valueName":"search_term_string"}}],"inLanguage":"ca"}]}</script>
<!-- / Yoast SEO plugin. -->

ASCENSORS EURO CONDAL. Elevador Santa Coloma. Empresa experta en el manteniment i instal·lació d'ascensors a Santa Coloma de Gramenet
