{"id":753,"date":"2016-10-04T08:20:33","date_gmt":"2016-10-04T08:20:33","guid":{"rendered":"http:\/\/ascensorescondal.com\/newproyect\/?page_id=183"},"modified":"2024-04-05T13:43:20","modified_gmt":"2024-04-05T11:43:20","slug":"ascensors-sant-adria-de-besos","status":"publish","type":"page","link":"https:\/\/ascensorescondal.com\/ca\/ascensors-sant-adria-de-besos\/","title":{"rendered":"Ascensores Sant Adria de Besos"},"content":{"rendered":"<h1 style=\"text-align: justify;\">Ascensors Sant Adria de Besos<\/h1>\n<p style=\"text-align: justify;\">A Ascensors Condal comptem amb el millor equip en instal\u00b7laci\u00f3 d&#8217;ascensors a Tarragona, <img fetchpriority=\"high\" decoding=\"async\" class=\"alignright wp-image-39\" src=\"\/wp-content\/uploads\/2016\/05\/DSC_0960-685x1024-201x300.jpg\" alt=\"ascensors sant adria\" width=\"214\" height=\"320\" \/>Badalona i tota la prov\u00edncia en general, per posar-nos a la seva disposici\u00f3. S\u00f3n molts els elements que s&#8217;han de tenir en compte a l&#8217;hora de fer un estudi sobre la instal\u00b7laci\u00f3 d&#8217;un ascensor al lloc de resid\u00e8ncia, ja sigui un xalet o una comunitat de ve\u00efns. Per aix\u00f2 coneixem la necessitat de formar un grup de treball sobre el qual vost\u00e8 pugui dipositar la seva confian\u00e7a sense dubtar-ho.<\/p>\n<p style=\"text-align: justify;\">\u00c9s per aix\u00f2 que<strong> a Ascensors Condal ens encarreguem de realitzar tot el proc\u00e9s d&#8217;instal\u00b7laci\u00f3, modernitzaci\u00f3 i rehabilitaci\u00f3<\/strong>, des de l&#8217;estudi arquitect\u00f2nic previ, fins a la realitzaci\u00f3 del servei principal, aix\u00ed com lobtenci\u00f3 de tots els requisits administratius necessaris per dur a terme lobra. A m\u00e9s, si ja disposeu d&#8217;un elevador instal\u00b7lat, tamb\u00e9 podeu confiar en nosaltres per al vostre manteniment.<\/p>\n<p style=\"text-align: justify;\">No ho dubteu m\u00e9s i poseu-vos en contacte amb nosaltres per obtenir m\u00e9s informaci\u00f3.<\/p>\n","protected":false},"excerpt":{"rendered":"<p>Ascensors Sant Adria de Besos A Ascensors Condal comptem amb el millor equip en instal\u00b7laci\u00f3 d&#8217;ascensors a Tarragona, Badalona i tota la prov\u00edncia en general, per posar-nos a la seva disposici\u00f3. S\u00f3n molts els elements que s&#8217;han de tenir en compte a l&#8217;hora de fer un estudi sobre la instal\u00b7laci\u00f3 d&#8217;un ascensor al lloc de &hellip;<\/p>\n<p class=\"read-more\"> <a class=\"\" href=\"https:\/\/ascensorescondal.com\/ca\/ascensors-sant-adria-de-besos\/\"> <span class=\"screen-reader-text\">Ascensores Sant Adria de Besos<\/span> Llegeix m\u00e9s &raquo;<\/a><\/p>\n","protected":false},"author":1,"featured_media":0,"parent":0,"menu_order":0,"comment_status":"closed","ping_status":"closed","template":"","meta":{"site-sidebar-layout":"default","site-content-layout":"","ast-site-content-layout":"default","site-content-style":"default","site-sidebar-style":"default","ast-global-header-display":"","ast-banner-title-visibility":"","ast-main-header-display":"","ast-hfb-above-header-display":"","ast-hfb-below-header-display":"","ast-hfb-mobile-header-display":"","site-post-title":"","ast-breadcrumbs-content":"","ast-featured-img":"","footer-sml-layout":"","theme-transparent-header-meta":"default","adv-header-id-meta":"","stick-header-meta":"","header-above-stick-meta":"","header-main-stick-meta":"","header-below-stick-meta":"","astra-migrate-meta-layouts":"set","footnotes":""},"class_list":["post-753","page","type-page","status-publish","hentry"],"yoast_head":"<!-- This site is optimized with the Yoast SEO plugin v26.0 - https:\/\/yoast.com\/wordpress\/plugins\/seo\/ -->\n<title>Empresa ascensors Sant Adria de Besos. Manteniment<\/title>\n<meta name=\"description\" content=\"ASCENSORS EURO CONDAL. Ascensors Sant Adri\u00e0. Professionals de la conservaci\u00f3 i manteniment d&#039;elevadors a Sant Adri\u00e0 de Besos\" \/>\n<meta name=\"robots\" content=\"index, follow, max-snippet:-1, max-image-preview:large, max-video-preview:-1\" \/>\n<link rel=\"canonical\" href=\"https:\/\/ascensorescondal.com\/ca\/ascensors-sant-adria-de-besos\/\" \/>\n<meta property=\"og:locale\" content=\"ca_ES\" \/>\n<meta property=\"og:type\" content=\"article\" \/>\n<meta property=\"og:title\" content=\"Empresa ascensors Sant Adria de Besos. Manteniment\" \/>\n<meta property=\"og:description\" content=\"ASCENSORS EURO CONDAL. Ascensors Sant Adri\u00e0. Professionals de la conservaci\u00f3 i manteniment d&#039;elevadors a Sant Adri\u00e0 de Besos\" \/>\n<meta property=\"og:url\" content=\"https:\/\/ascensorescondal.com\/ca\/ascensors-sant-adria-de-besos\/\" \/>\n<meta property=\"article:modified_time\" content=\"2024-04-05T11:43:20+00:00\" \/>\n<meta name=\"twitter:card\" content=\"summary_large_image\" \/>\n<meta name=\"twitter:label1\" content=\"Temps estimat de lectura\" \/>\n\t<meta name=\"twitter:data1\" content=\"1 minut\" \/>\n<script type=\"application\/ld+json\" class=\"yoast-schema-graph\">{\"@context\":\"https:\/\/schema.org\",\"@graph\":[{\"@type\":\"WebPage\",\"@id\":\"https:\/\/ascensorescondal.com\/ca\/ascensors-sant-adria-de-besos\/\",\"url\":\"https:\/\/ascensorescondal.com\/ca\/ascensors-sant-adria-de-besos\/\",\"name\":\"Empresa ascensors Sant Adria de Besos. Manteniment\",\"isPartOf\":{\"@id\":\"https:\/\/ascensorescondal.com\/ca\/#website\"},\"datePublished\":\"2016-10-04T08:20:33+00:00\",\"dateModified\":\"2024-04-05T11:43:20+00:00\",\"description\":\"ASCENSORS EURO CONDAL. Ascensors Sant Adri\u00e0. Professionals de la conservaci\u00f3 i manteniment d'elevadors a Sant Adri\u00e0 de Besos\",\"breadcrumb\":{\"@id\":\"https:\/\/ascensorescondal.com\/ca\/ascensors-sant-adria-de-besos\/#breadcrumb\"},\"inLanguage\":\"ca\",\"potentialAction\":[{\"@type\":\"ReadAction\",\"target\":[\"https:\/\/ascensorescondal.com\/ca\/ascensors-sant-adria-de-besos\/\"]}]},{\"@type\":\"BreadcrumbList\",\"@id\":\"https:\/\/ascensorescondal.com\/ca\/ascensors-sant-adria-de-besos\/#breadcrumb\",\"itemListElement\":[{\"@type\":\"ListItem\",\"position\":1,\"name\":\"Portada\",\"item\":\"https:\/\/ascensorescondal.com\/ca\/\"},{\"@type\":\"ListItem\",\"position\":2,\"name\":\"Ascensores Sant Adria de Besos\"}]},{\"@type\":\"WebSite\",\"@id\":\"https:\/\/ascensorescondal.com\/ca\/#website\",\"url\":\"https:\/\/ascensorescondal.com\/ca\/\",\"name\":\"\",\"description\":\"\",\"potentialAction\":[{\"@type\":\"SearchAction\",\"target\":{\"@type\":\"EntryPoint\",\"urlTemplate\":\"https:\/\/ascensorescondal.com\/ca\/?s={search_term_string}\"},\"query-input\":{\"@type\":\"PropertyValueSpecification\",\"valueRequired\":true,\"valueName\":\"search_term_string\"}}],\"inLanguage\":\"ca\"}]}<\/script>\n<!-- \/ Yoast SEO plugin. -->","yoast_head_json":{"title":"Empresa ascensors Sant Adria de Besos. Manteniment","description":"ASCENSORS EURO CONDAL. Ascensors Sant Adri\u00e0. Professionals de la conservaci\u00f3 i manteniment d'elevadors a Sant Adri\u00e0 de Besos","robots":{"index":"index","follow":"follow","max-snippet":"max-snippet:-1","max-image-preview":"max-image-preview:large","max-video-preview":"max-video-preview:-1"},"canonical":"https:\/\/ascensorescondal.com\/ca\/ascensors-sant-adria-de-besos\/","og_locale":"ca_ES","og_type":"article","og_title":"Empresa ascensors Sant Adria de Besos. Manteniment","og_description":"ASCENSORS EURO CONDAL. Ascensors Sant Adri\u00e0. Professionals de la conservaci\u00f3 i manteniment d'elevadors a Sant Adri\u00e0 de Besos","og_url":"https:\/\/ascensorescondal.com\/ca\/ascensors-sant-adria-de-besos\/","article_modified_time":"2024-04-05T11:43:20+00:00","twitter_card":"summary_large_image","twitter_misc":{"Temps estimat de lectura":"1 minut"},"schema":{"@context":"https:\/\/schema.org","@graph":[{"@type":"WebPage","@id":"https:\/\/ascensorescondal.com\/ca\/ascensors-sant-adria-de-besos\/","url":"https:\/\/ascensorescondal.com\/ca\/ascensors-sant-adria-de-besos\/","name":"Empresa ascensors Sant Adria de Besos. Manteniment","isPartOf":{"@id":"https:\/\/ascensorescondal.com\/ca\/#website"},"datePublished":"2016-10-04T08:20:33+00:00","dateModified":"2024-04-05T11:43:20+00:00","description":"ASCENSORS EURO CONDAL. Ascensors Sant Adri\u00e0. Professionals de la conservaci\u00f3 i manteniment d'elevadors a Sant Adri\u00e0 de Besos","breadcrumb":{"@id":"https:\/\/ascensorescondal.com\/ca\/ascensors-sant-adria-de-besos\/#breadcrumb"},"inLanguage":"ca","potentialAction":[{"@type":"ReadAction","target":["https:\/\/ascensorescondal.com\/ca\/ascensors-sant-adria-de-besos\/"]}]},{"@type":"BreadcrumbList","@id":"https:\/\/ascensorescondal.com\/ca\/ascensors-sant-adria-de-besos\/#breadcrumb","itemListElement":[{"@type":"ListItem","position":1,"name":"Portada","item":"https:\/\/ascensorescondal.com\/ca\/"},{"@type":"ListItem","position":2,"name":"Ascensores Sant Adria de Besos"}]},{"@type":"WebSite","@id":"https:\/\/ascensorescondal.com\/ca\/#website","url":"https:\/\/ascensorescondal.com\/ca\/","name":"","description":"","potentialAction":[{"@type":"SearchAction","target":{"@type":"EntryPoint","urlTemplate":"https:\/\/ascensorescondal.com\/ca\/?s={search_term_string}"},"query-input":{"@type":"PropertyValueSpecification","valueRequired":true,"valueName":"search_term_string"}}],"inLanguage":"ca"}]}},"_links":{"self":[{"href":"https:\/\/ascensorescondal.com\/ca\/wp-json\/wp\/v2\/pages\/753","targetHints":{"allow":["GET"]}}],"collection":[{"href":"https:\/\/ascensorescondal.com\/ca\/wp-json\/wp\/v2\/pages"}],"about":[{"href":"https:\/\/ascensorescondal.com\/ca\/wp-json\/wp\/v2\/types\/page"}],"author":[{"embeddable":true,"href":"https:\/\/ascensorescondal.com\/ca\/wp-json\/wp\/v2\/users\/1"}],"replies":[{"embeddable":true,"href":"https:\/\/ascensorescondal.com\/ca\/wp-json\/wp\/v2\/comments?post=753"}],"version-history":[{"count":5,"href":"https:\/\/ascensorescondal.com\/ca\/wp-json\/wp\/v2\/pages\/753\/revisions"}],"predecessor-version":[{"id":1589,"href":"https:\/\/ascensorescondal.com\/ca\/wp-json\/wp\/v2\/pages\/753\/revisions\/1589"}],"wp:attachment":[{"href":"https:\/\/ascensorescondal.com\/ca\/wp-json\/wp\/v2\/media?parent=753"}],"curies":[{"name":"wp","href":"https:\/\/api.w.org\/{rel}","templated":true}]}}

<h1 style="text-align: justify;">Ascensors Sant Adria de Besos</h1>
<p style="text-align: justify;">A Ascensors Condal comptem amb el millor equip en instal·lació d&#8217;ascensors a Tarragona, <img fetchpriority="high" decoding="async" class="alignright wp-image-39" src="/wp-content/uploads/2016/05/DSC_0960-685x1024-201x300.jpg" alt="ascensors sant adria" width="214" height="320" />Badalona i tota la província en general, per posar-nos a la seva disposició. Són molts els elements que s&#8217;han de tenir en compte a l&#8217;hora de fer un estudi sobre la instal·lació d&#8217;un ascensor al lloc de residència, ja sigui un xalet o una comunitat de veïns. Per això coneixem la necessitat de formar un grup de treball sobre el qual vostè pugui dipositar la seva confiança sense dubtar-ho.</p>
<p style="text-align: justify;">És per això que<strong> a Ascensors Condal ens encarreguem de realitzar tot el procés d&#8217;instal·lació, modernització i rehabilitació</strong>, des de l&#8217;estudi arquitectònic previ, fins a la realització del servei principal, així com lobtenció de tots els requisits administratius necessaris per dur a terme lobra. A més, si ja disposeu d&#8217;un elevador instal·lat, també podeu confiar en nosaltres per al vostre manteniment.</p>
<p style="text-align: justify;">No ho dubteu més i poseu-vos en contacte amb nosaltres per obtenir més informació.</p>

<p>Ascensors Sant Adria de Besos A Ascensors Condal comptem amb el millor equip en instal·lació d&#8217;ascensors a Tarragona, Badalona i tota la província en general, per posar-nos a la seva disposició. Són molts els elements que s&#8217;han de tenir en compte a l&#8217;hora de fer un estudi sobre la instal·lació d&#8217;un ascensor al lloc de &hellip;</p>
<p class="read-more"> <a class="" href="https://ascensorescondal.com/ca/ascensors-sant-adria-de-besos/"> <span class="screen-reader-text">Ascensores Sant Adria de Besos</span> Llegeix més &raquo;</a></p>

<!-- This site is optimized with the Yoast SEO plugin v26.0 - https://yoast.com/wordpress/plugins/seo/ -->
<title>Empresa ascensors Sant Adria de Besos. Manteniment</title>
<meta name="description" content="ASCENSORS EURO CONDAL. Ascensors Sant Adrià. Professionals de la conservació i manteniment d&#039;elevadors a Sant Adrià de Besos" />
<meta name="robots" content="index, follow, max-snippet:-1, max-image-preview:large, max-video-preview:-1" />
<link rel="canonical" href="https://ascensorescondal.com/ca/ascensors-sant-adria-de-besos/" />
<meta property="og:locale" content="ca_ES" />
<meta property="og:type" content="article" />
<meta property="og:title" content="Empresa ascensors Sant Adria de Besos. Manteniment" />
<meta property="og:description" content="ASCENSORS EURO CONDAL. Ascensors Sant Adrià. Professionals de la conservació i manteniment d&#039;elevadors a Sant Adrià de Besos" />
<meta property="og:url" content="https://ascensorescondal.com/ca/ascensors-sant-adria-de-besos/" />
<meta property="article:modified_time" content="2024-04-05T11:43:20+00:00" />
<meta name="twitter:card" content="summary_large_image" />
<meta name="twitter:label1" content="Temps estimat de lectura" />
	<meta name="twitter:data1" content="1 minut" />
<script type="application/ld+json" class="yoast-schema-graph">{"@context":"https://schema.org","@graph":[{"@type":"WebPage","@id":"https://ascensorescondal.com/ca/ascensors-sant-adria-de-besos/","url":"https://ascensorescondal.com/ca/ascensors-sant-adria-de-besos/","name":"Empresa ascensors Sant Adria de Besos. Manteniment","isPartOf":{"@id":"https://ascensorescondal.com/ca/#website"},"datePublished":"2016-10-04T08:20:33+00:00","dateModified":"2024-04-05T11:43:20+00:00","description":"ASCENSORS EURO CONDAL. Ascensors Sant Adrià. Professionals de la conservació i manteniment d'elevadors a Sant Adrià de Besos","breadcrumb":{"@id":"https://ascensorescondal.com/ca/ascensors-sant-adria-de-besos/#breadcrumb"},"inLanguage":"ca","potentialAction":[{"@type":"ReadAction","target":["https://ascensorescondal.com/ca/ascensors-sant-adria-de-besos/"]}]},{"@type":"BreadcrumbList","@id":"https://ascensorescondal.com/ca/ascensors-sant-adria-de-besos/#breadcrumb","itemListElement":[{"@type":"ListItem","position":1,"name":"Portada","item":"https://ascensorescondal.com/ca/"},{"@type":"ListItem","position":2,"name":"Ascensores Sant Adria de Besos"}]},{"@type":"WebSite","@id":"https://ascensorescondal.com/ca/#website","url":"https://ascensorescondal.com/ca/","name":"","description":"","potentialAction":[{"@type":"SearchAction","target":{"@type":"EntryPoint","urlTemplate":"https://ascensorescondal.com/ca/?s={search_term_string}"},"query-input":{"@type":"PropertyValueSpecification","valueRequired":true,"valueName":"search_term_string"}}],"inLanguage":"ca"}]}</script>
<!-- / Yoast SEO plugin. -->

ASCENSORS EURO CONDAL. Ascensors Sant Adrià. Professionals de la conservació i manteniment d'elevadors a Sant Adrià de Besos
