{"id":1415,"date":"2022-11-16T08:58:29","date_gmt":"2022-11-16T08:58:29","guid":{"rendered":"https:\/\/ascensorescondal.com\/?page_id=1415"},"modified":"2024-04-05T14:26:57","modified_gmt":"2024-04-05T12:26:57","slug":"vallirana","status":"publish","type":"page","link":"https:\/\/ascensorescondal.com\/ca\/vallirana\/","title":{"rendered":"Vallirana"},"content":{"rendered":"<h1>Ascensors Vallirana<\/h1>\n<p>L&#8217;objectiu principal a Ascensors Condal a Vallirana \u00e9s que els nostres clients ens considerin com a principal suport i comptin amb nosaltres per a tots els seus requeriments en la instal\u00b7laci\u00f3 i manteniment d&#8217;ascensors a Vallirana i altres ciutats del pa\u00eds. Sempre busquem acompanyar els nostres clients durant tot el proc\u00e9s de subministrament i instal\u00b7laci\u00f3, fins al manteniment i \u00fas d&#8217;aquests.<\/p>\n<p>&nbsp;<\/p>\n<h2>Serem el teu major aliat<\/h2>\n<p>Estem considerats com una de les millors empreses de manteniment i instal\u00b7laci\u00f3 d&#8217;ascensors a edificis antics, amb subministraments de primera qualitat, que compta amb un excel\u00b7lent programa de manteniment, i <strong>ens encarreguem d&#8217;instal\u00b7lar equips que siguin estables i funcionals a trav\u00e9s del temps<\/strong>.<\/p>\n<p>A Ascensors Condal som coneguts per ser innovadors i eficients. D&#8217;altra banda, els nostres preus s\u00f3n competitius en comparaci\u00f3 de la resta del mercat, oferint equips de bona qualitat, per\u00f2 sobretot un servei impecable.<\/p>\n<p><strong>Comptem amb personal altament qualificat<\/strong>, amb experi\u00e8ncia en el camp dels ascensors, espec\u00edficament, en el manteniment, modernitzaci\u00f3 i instal\u00b7laci\u00f3 dels mateixos. De la mateixa manera, ens preocupem perqu\u00e8 tot el nostre equip de treball est\u00e0 conformat per persones responsables.<\/p>\n<p>Es maneja a un gran portafoli d&#8217;instal\u00b7laci\u00f3 d&#8217;ascensors a comunitats de propietaris, ascensor per a casa unifamiliar i plataforma elevadora per a minusv\u00e0lids, entre d&#8217;altres, de la l\u00ednia corporativa i l\u00ednia llar que s&#8217;ajusta a la necessitat del projecte amb alts est\u00e0ndards de qualitat, disseny, estabilitat i respatller.<\/p>\n<p>Ens encarreguem de la instal\u00b7laci\u00f3 i manteniment d&#8217;ascensors a Barcelona, per a aix\u00f2 es realitzen visites per mantenir els ascensors en bon estat, nets, organitzats i en correcte funcionament. A m\u00e9s, oferim el servei de revisions peri\u00f2diques que asseguren la confian\u00e7a total de l&#8217;equip.<\/p>\n","protected":false},"excerpt":{"rendered":"<p>Ascensors Vallirana L&#8217;objectiu principal a Ascensors Condal a Vallirana \u00e9s que els nostres clients ens considerin com a principal suport i comptin amb nosaltres per a tots els seus requeriments en la instal\u00b7laci\u00f3 i manteniment d&#8217;ascensors a Vallirana i altres ciutats del pa\u00eds. Sempre busquem acompanyar els nostres clients durant tot el proc\u00e9s de subministrament &hellip;<\/p>\n<p class=\"read-more\"> <a class=\"\" href=\"https:\/\/ascensorescondal.com\/ca\/vallirana\/\"> <span class=\"screen-reader-text\">Vallirana<\/span> Llegeix m\u00e9s &raquo;<\/a><\/p>\n","protected":false},"author":1,"featured_media":0,"parent":0,"menu_order":0,"comment_status":"closed","ping_status":"closed","template":"","meta":{"site-sidebar-layout":"default","site-content-layout":"","ast-site-content-layout":"default","site-content-style":"default","site-sidebar-style":"default","ast-global-header-display":"","ast-banner-title-visibility":"","ast-main-header-display":"","ast-hfb-above-header-display":"","ast-hfb-below-header-display":"","ast-hfb-mobile-header-display":"","site-post-title":"","ast-breadcrumbs-content":"","ast-featured-img":"","footer-sml-layout":"","theme-transparent-header-meta":"default","adv-header-id-meta":"","stick-header-meta":"","header-above-stick-meta":"","header-main-stick-meta":"","header-below-stick-meta":"","astra-migrate-meta-layouts":"set","footnotes":""},"class_list":["post-1415","page","type-page","status-publish","hentry"],"yoast_head":"<!-- This site is optimized with the Yoast SEO plugin v26.0 - https:\/\/yoast.com\/wordpress\/plugins\/seo\/ -->\n<title>Ascensors Vallirana. Manteniment elevador<\/title>\n<meta name=\"description\" content=\"ASCENSORS CONDAL. Ascensor. Grup de professionals en la modernitzaci\u00f3 i el manteniment d&#039;elevadors a Vallirana\" \/>\n<meta name=\"robots\" content=\"index, follow, max-snippet:-1, max-image-preview:large, max-video-preview:-1\" \/>\n<link rel=\"canonical\" href=\"https:\/\/ascensorescondal.com\/ca\/vallirana\/\" \/>\n<meta property=\"og:locale\" content=\"ca_ES\" \/>\n<meta property=\"og:type\" content=\"article\" \/>\n<meta property=\"og:title\" content=\"Ascensors Vallirana. Manteniment elevador\" \/>\n<meta property=\"og:description\" content=\"ASCENSORS CONDAL. Ascensor. Grup de professionals en la modernitzaci\u00f3 i el manteniment d&#039;elevadors a Vallirana\" \/>\n<meta property=\"og:url\" content=\"https:\/\/ascensorescondal.com\/ca\/vallirana\/\" \/>\n<meta property=\"article:modified_time\" content=\"2024-04-05T12:26:57+00:00\" \/>\n<meta name=\"twitter:card\" content=\"summary_large_image\" \/>\n<meta name=\"twitter:label1\" content=\"Temps estimat de lectura\" \/>\n\t<meta name=\"twitter:data1\" content=\"2 minuts\" \/>\n<script type=\"application\/ld+json\" class=\"yoast-schema-graph\">{\"@context\":\"https:\/\/schema.org\",\"@graph\":[{\"@type\":\"WebPage\",\"@id\":\"https:\/\/ascensorescondal.com\/ca\/vallirana\/\",\"url\":\"https:\/\/ascensorescondal.com\/ca\/vallirana\/\",\"name\":\"Ascensors Vallirana. Manteniment elevador\",\"isPartOf\":{\"@id\":\"https:\/\/ascensorescondal.com\/ca\/#website\"},\"datePublished\":\"2022-11-16T08:58:29+00:00\",\"dateModified\":\"2024-04-05T12:26:57+00:00\",\"description\":\"ASCENSORS CONDAL. Ascensor. Grup de professionals en la modernitzaci\u00f3 i el manteniment d'elevadors a Vallirana\",\"breadcrumb\":{\"@id\":\"https:\/\/ascensorescondal.com\/ca\/vallirana\/#breadcrumb\"},\"inLanguage\":\"ca\",\"potentialAction\":[{\"@type\":\"ReadAction\",\"target\":[\"https:\/\/ascensorescondal.com\/ca\/vallirana\/\"]}]},{\"@type\":\"BreadcrumbList\",\"@id\":\"https:\/\/ascensorescondal.com\/ca\/vallirana\/#breadcrumb\",\"itemListElement\":[{\"@type\":\"ListItem\",\"position\":1,\"name\":\"Portada\",\"item\":\"https:\/\/ascensorescondal.com\/ca\/\"},{\"@type\":\"ListItem\",\"position\":2,\"name\":\"Vallirana\"}]},{\"@type\":\"WebSite\",\"@id\":\"https:\/\/ascensorescondal.com\/ca\/#website\",\"url\":\"https:\/\/ascensorescondal.com\/ca\/\",\"name\":\"\",\"description\":\"\",\"potentialAction\":[{\"@type\":\"SearchAction\",\"target\":{\"@type\":\"EntryPoint\",\"urlTemplate\":\"https:\/\/ascensorescondal.com\/ca\/?s={search_term_string}\"},\"query-input\":{\"@type\":\"PropertyValueSpecification\",\"valueRequired\":true,\"valueName\":\"search_term_string\"}}],\"inLanguage\":\"ca\"}]}<\/script>\n<!-- \/ Yoast SEO plugin. -->","yoast_head_json":{"title":"Ascensors Vallirana. Manteniment elevador","description":"ASCENSORS CONDAL. Ascensor. Grup de professionals en la modernitzaci\u00f3 i el manteniment d'elevadors a Vallirana","robots":{"index":"index","follow":"follow","max-snippet":"max-snippet:-1","max-image-preview":"max-image-preview:large","max-video-preview":"max-video-preview:-1"},"canonical":"https:\/\/ascensorescondal.com\/ca\/vallirana\/","og_locale":"ca_ES","og_type":"article","og_title":"Ascensors Vallirana. Manteniment elevador","og_description":"ASCENSORS CONDAL. Ascensor. Grup de professionals en la modernitzaci\u00f3 i el manteniment d'elevadors a Vallirana","og_url":"https:\/\/ascensorescondal.com\/ca\/vallirana\/","article_modified_time":"2024-04-05T12:26:57+00:00","twitter_card":"summary_large_image","twitter_misc":{"Temps estimat de lectura":"2 minuts"},"schema":{"@context":"https:\/\/schema.org","@graph":[{"@type":"WebPage","@id":"https:\/\/ascensorescondal.com\/ca\/vallirana\/","url":"https:\/\/ascensorescondal.com\/ca\/vallirana\/","name":"Ascensors Vallirana. Manteniment elevador","isPartOf":{"@id":"https:\/\/ascensorescondal.com\/ca\/#website"},"datePublished":"2022-11-16T08:58:29+00:00","dateModified":"2024-04-05T12:26:57+00:00","description":"ASCENSORS CONDAL. Ascensor. Grup de professionals en la modernitzaci\u00f3 i el manteniment d'elevadors a Vallirana","breadcrumb":{"@id":"https:\/\/ascensorescondal.com\/ca\/vallirana\/#breadcrumb"},"inLanguage":"ca","potentialAction":[{"@type":"ReadAction","target":["https:\/\/ascensorescondal.com\/ca\/vallirana\/"]}]},{"@type":"BreadcrumbList","@id":"https:\/\/ascensorescondal.com\/ca\/vallirana\/#breadcrumb","itemListElement":[{"@type":"ListItem","position":1,"name":"Portada","item":"https:\/\/ascensorescondal.com\/ca\/"},{"@type":"ListItem","position":2,"name":"Vallirana"}]},{"@type":"WebSite","@id":"https:\/\/ascensorescondal.com\/ca\/#website","url":"https:\/\/ascensorescondal.com\/ca\/","name":"","description":"","potentialAction":[{"@type":"SearchAction","target":{"@type":"EntryPoint","urlTemplate":"https:\/\/ascensorescondal.com\/ca\/?s={search_term_string}"},"query-input":{"@type":"PropertyValueSpecification","valueRequired":true,"valueName":"search_term_string"}}],"inLanguage":"ca"}]}},"_links":{"self":[{"href":"https:\/\/ascensorescondal.com\/ca\/wp-json\/wp\/v2\/pages\/1415","targetHints":{"allow":["GET"]}}],"collection":[{"href":"https:\/\/ascensorescondal.com\/ca\/wp-json\/wp\/v2\/pages"}],"about":[{"href":"https:\/\/ascensorescondal.com\/ca\/wp-json\/wp\/v2\/types\/page"}],"author":[{"embeddable":true,"href":"https:\/\/ascensorescondal.com\/ca\/wp-json\/wp\/v2\/users\/1"}],"replies":[{"embeddable":true,"href":"https:\/\/ascensorescondal.com\/ca\/wp-json\/wp\/v2\/comments?post=1415"}],"version-history":[{"count":2,"href":"https:\/\/ascensorescondal.com\/ca\/wp-json\/wp\/v2\/pages\/1415\/revisions"}],"predecessor-version":[{"id":1572,"href":"https:\/\/ascensorescondal.com\/ca\/wp-json\/wp\/v2\/pages\/1415\/revisions\/1572"}],"wp:attachment":[{"href":"https:\/\/ascensorescondal.com\/ca\/wp-json\/wp\/v2\/media?parent=1415"}],"curies":[{"name":"wp","href":"https:\/\/api.w.org\/{rel}","templated":true}]}}

<h1>Ascensors Vallirana</h1>
<p>L&#8217;objectiu principal a Ascensors Condal a Vallirana és que els nostres clients ens considerin com a principal suport i comptin amb nosaltres per a tots els seus requeriments en la instal·lació i manteniment d&#8217;ascensors a Vallirana i altres ciutats del país. Sempre busquem acompanyar els nostres clients durant tot el procés de subministrament i instal·lació, fins al manteniment i ús d&#8217;aquests.</p>
<p>&nbsp;</p>
<h2>Serem el teu major aliat</h2>
<p>Estem considerats com una de les millors empreses de manteniment i instal·lació d&#8217;ascensors a edificis antics, amb subministraments de primera qualitat, que compta amb un excel·lent programa de manteniment, i <strong>ens encarreguem d&#8217;instal·lar equips que siguin estables i funcionals a través del temps</strong>.</p>
<p>A Ascensors Condal som coneguts per ser innovadors i eficients. D&#8217;altra banda, els nostres preus són competitius en comparació de la resta del mercat, oferint equips de bona qualitat, però sobretot un servei impecable.</p>
<p><strong>Comptem amb personal altament qualificat</strong>, amb experiència en el camp dels ascensors, específicament, en el manteniment, modernització i instal·lació dels mateixos. De la mateixa manera, ens preocupem perquè tot el nostre equip de treball està conformat per persones responsables.</p>
<p>Es maneja a un gran portafoli d&#8217;instal·lació d&#8217;ascensors a comunitats de propietaris, ascensor per a casa unifamiliar i plataforma elevadora per a minusvàlids, entre d&#8217;altres, de la línia corporativa i línia llar que s&#8217;ajusta a la necessitat del projecte amb alts estàndards de qualitat, disseny, estabilitat i respatller.</p>
<p>Ens encarreguem de la instal·lació i manteniment d&#8217;ascensors a Barcelona, per a això es realitzen visites per mantenir els ascensors en bon estat, nets, organitzats i en correcte funcionament. A més, oferim el servei de revisions periòdiques que asseguren la confiança total de l&#8217;equip.</p>

<p>Ascensors Vallirana L&#8217;objectiu principal a Ascensors Condal a Vallirana és que els nostres clients ens considerin com a principal suport i comptin amb nosaltres per a tots els seus requeriments en la instal·lació i manteniment d&#8217;ascensors a Vallirana i altres ciutats del país. Sempre busquem acompanyar els nostres clients durant tot el procés de subministrament &hellip;</p>
<p class="read-more"> <a class="" href="https://ascensorescondal.com/ca/vallirana/"> <span class="screen-reader-text">Vallirana</span> Llegeix més &raquo;</a></p>

<!-- This site is optimized with the Yoast SEO plugin v26.0 - https://yoast.com/wordpress/plugins/seo/ -->
<title>Ascensors Vallirana. Manteniment elevador</title>
<meta name="description" content="ASCENSORS CONDAL. Ascensor. Grup de professionals en la modernització i el manteniment d&#039;elevadors a Vallirana" />
<meta name="robots" content="index, follow, max-snippet:-1, max-image-preview:large, max-video-preview:-1" />
<link rel="canonical" href="https://ascensorescondal.com/ca/vallirana/" />
<meta property="og:locale" content="ca_ES" />
<meta property="og:type" content="article" />
<meta property="og:title" content="Ascensors Vallirana. Manteniment elevador" />
<meta property="og:description" content="ASCENSORS CONDAL. Ascensor. Grup de professionals en la modernització i el manteniment d&#039;elevadors a Vallirana" />
<meta property="og:url" content="https://ascensorescondal.com/ca/vallirana/" />
<meta property="article:modified_time" content="2024-04-05T12:26:57+00:00" />
<meta name="twitter:card" content="summary_large_image" />
<meta name="twitter:label1" content="Temps estimat de lectura" />
	<meta name="twitter:data1" content="2 minuts" />
<script type="application/ld+json" class="yoast-schema-graph">{"@context":"https://schema.org","@graph":[{"@type":"WebPage","@id":"https://ascensorescondal.com/ca/vallirana/","url":"https://ascensorescondal.com/ca/vallirana/","name":"Ascensors Vallirana. Manteniment elevador","isPartOf":{"@id":"https://ascensorescondal.com/ca/#website"},"datePublished":"2022-11-16T08:58:29+00:00","dateModified":"2024-04-05T12:26:57+00:00","description":"ASCENSORS CONDAL. Ascensor. Grup de professionals en la modernització i el manteniment d'elevadors a Vallirana","breadcrumb":{"@id":"https://ascensorescondal.com/ca/vallirana/#breadcrumb"},"inLanguage":"ca","potentialAction":[{"@type":"ReadAction","target":["https://ascensorescondal.com/ca/vallirana/"]}]},{"@type":"BreadcrumbList","@id":"https://ascensorescondal.com/ca/vallirana/#breadcrumb","itemListElement":[{"@type":"ListItem","position":1,"name":"Portada","item":"https://ascensorescondal.com/ca/"},{"@type":"ListItem","position":2,"name":"Vallirana"}]},{"@type":"WebSite","@id":"https://ascensorescondal.com/ca/#website","url":"https://ascensorescondal.com/ca/","name":"","description":"","potentialAction":[{"@type":"SearchAction","target":{"@type":"EntryPoint","urlTemplate":"https://ascensorescondal.com/ca/?s={search_term_string}"},"query-input":{"@type":"PropertyValueSpecification","valueRequired":true,"valueName":"search_term_string"}}],"inLanguage":"ca"}]}</script>
<!-- / Yoast SEO plugin. -->

ASCENSORS CONDAL. Ascensor. Grup de professionals en la modernització i el manteniment d'elevadors a Vallirana
