{"id":1411,"date":"2022-11-16T08:46:40","date_gmt":"2022-11-16T08:46:40","guid":{"rendered":"https:\/\/ascensorescondal.com\/?page_id=1411"},"modified":"2024-04-05T14:26:39","modified_gmt":"2024-04-05T12:26:39","slug":"castellvi-de-rosanes","status":"publish","type":"page","link":"https:\/\/ascensorescondal.com\/ca\/castellvi-de-rosanes\/","title":{"rendered":"Castellvi de Rosanes"},"content":{"rendered":"<h1>Ascensors Castellvi de Rosanes<\/h1>\n<p>A Ascensors Condal realitzem qualsevol tipus de treball de manteniment d&#8217;ascensors, aix\u00ed com de modernitzaci\u00f3, instal\u00b7laci\u00f3 i reparaci\u00f3 d&#8217;ascensors a Castellv\u00ed de Rosanes. Aquest servei s\u00b4ofereix de manera integral i \u00f2ptima.<\/p>\n<p>El nostre tracte personalitzat fa que els nostres clients es mantinguin fidels amb nosaltres, valorant positivament el nostre servei i comprom\u00eds. La llarga traject\u00f2ria que tenim al sector \u00e9s una garantia de professionalitat i coneixement continu.<\/p>\n<p>&nbsp;<\/p>\n<h2>T&#8217;oferim el millor servei<\/h2>\n<p>A Ascensors Condal oferim un servei de qualitat, amb especial enfocament en la seguretat de la seva instal\u00b7laci\u00f3, amb la major professionalitat, comprom\u00eds i efici\u00e8ncia per a la instal\u00b7laci\u00f3 d&#8217;ascensors a Castellv\u00ed de Rosanes.<\/p>\n<p><strong>La nostra missi\u00f3 \u00e9s realitzar sempre els millors projectes<\/strong>, on els criteris d&#8217;efic\u00e0cia, tecnologia i professionalitat garanteixen al client resultats satisfactoris. Tot aix\u00f2 \u00e9s possible perqu\u00e8 comptem amb especialistes que asseguren una feina de qualitat \u00f2ptima.<\/p>\n<p>A m\u00e9s d&#8217;oferir el servei integral de manteniment preventiu i correctiu, <strong>ajustem el pressupost a les necessitats dels clients<\/strong>, sent els millors en relaci\u00f3 amb la qualitat i el preu.<\/p>\n<p>Ascensors Condal inclou a totes les seves instal\u00b7lacions tots els components de seguretat per garantir que els ascensors siguin segurs i amb certificaci\u00f3. \u00c9s per aix\u00f2 que, si necessiteu el servei de manteniment o d&#8217;instal\u00b7laci\u00f3 d&#8217;elevadors a Castellv\u00ed de Rosanes, no dubteu a contactar-nos.<\/p>\n","protected":false},"excerpt":{"rendered":"<p>Ascensors Castellvi de Rosanes A Ascensors Condal realitzem qualsevol tipus de treball de manteniment d&#8217;ascensors, aix\u00ed com de modernitzaci\u00f3, instal\u00b7laci\u00f3 i reparaci\u00f3 d&#8217;ascensors a Castellv\u00ed de Rosanes. Aquest servei s\u00b4ofereix de manera integral i \u00f2ptima. El nostre tracte personalitzat fa que els nostres clients es mantinguin fidels amb nosaltres, valorant positivament el nostre servei i &hellip;<\/p>\n<p class=\"read-more\"> <a class=\"\" href=\"https:\/\/ascensorescondal.com\/ca\/castellvi-de-rosanes\/\"> <span class=\"screen-reader-text\">Castellvi de Rosanes<\/span> Llegeix m\u00e9s &raquo;<\/a><\/p>\n","protected":false},"author":1,"featured_media":0,"parent":0,"menu_order":0,"comment_status":"closed","ping_status":"closed","template":"","meta":{"site-sidebar-layout":"default","site-content-layout":"","ast-site-content-layout":"default","site-content-style":"default","site-sidebar-style":"default","ast-global-header-display":"","ast-banner-title-visibility":"","ast-main-header-display":"","ast-hfb-above-header-display":"","ast-hfb-below-header-display":"","ast-hfb-mobile-header-display":"","site-post-title":"","ast-breadcrumbs-content":"","ast-featured-img":"","footer-sml-layout":"","theme-transparent-header-meta":"default","adv-header-id-meta":"","stick-header-meta":"","header-above-stick-meta":"","header-main-stick-meta":"","header-below-stick-meta":"","astra-migrate-meta-layouts":"set","footnotes":""},"class_list":["post-1411","page","type-page","status-publish","hentry"],"yoast_head":"<!-- This site is optimized with the Yoast SEO plugin v26.0 - https:\/\/yoast.com\/wordpress\/plugins\/seo\/ -->\n<title>Ascensors Castellvi de Rosanes. Manteniment elevadors<\/title>\n<meta name=\"description\" content=\"ASCENSORS CONDAL. Elevadors Castellvi. Conservaci\u00f3, modernitzaci\u00f3 i manteniment d\u00b4ascensors a Castellvi\" \/>\n<meta name=\"robots\" content=\"index, follow, max-snippet:-1, max-image-preview:large, max-video-preview:-1\" \/>\n<link rel=\"canonical\" href=\"https:\/\/ascensorescondal.com\/ca\/castellvi-de-rosanes\/\" \/>\n<meta property=\"og:locale\" content=\"ca_ES\" \/>\n<meta property=\"og:type\" content=\"article\" \/>\n<meta property=\"og:title\" content=\"Ascensors Castellvi de Rosanes. Manteniment elevadors\" \/>\n<meta property=\"og:description\" content=\"ASCENSORS CONDAL. Elevadors Castellvi. Conservaci\u00f3, modernitzaci\u00f3 i manteniment d\u00b4ascensors a Castellvi\" \/>\n<meta property=\"og:url\" content=\"https:\/\/ascensorescondal.com\/ca\/castellvi-de-rosanes\/\" \/>\n<meta property=\"article:modified_time\" content=\"2024-04-05T12:26:39+00:00\" \/>\n<meta name=\"twitter:card\" content=\"summary_large_image\" \/>\n<meta name=\"twitter:label1\" content=\"Temps estimat de lectura\" \/>\n\t<meta name=\"twitter:data1\" content=\"2 minuts\" \/>\n<script type=\"application\/ld+json\" class=\"yoast-schema-graph\">{\"@context\":\"https:\/\/schema.org\",\"@graph\":[{\"@type\":\"WebPage\",\"@id\":\"https:\/\/ascensorescondal.com\/ca\/castellvi-de-rosanes\/\",\"url\":\"https:\/\/ascensorescondal.com\/ca\/castellvi-de-rosanes\/\",\"name\":\"Ascensors Castellvi de Rosanes. Manteniment elevadors\",\"isPartOf\":{\"@id\":\"https:\/\/ascensorescondal.com\/ca\/#website\"},\"datePublished\":\"2022-11-16T08:46:40+00:00\",\"dateModified\":\"2024-04-05T12:26:39+00:00\",\"description\":\"ASCENSORS CONDAL. Elevadors Castellvi. Conservaci\u00f3, modernitzaci\u00f3 i manteniment d\u00b4ascensors a Castellvi\",\"breadcrumb\":{\"@id\":\"https:\/\/ascensorescondal.com\/ca\/castellvi-de-rosanes\/#breadcrumb\"},\"inLanguage\":\"ca\",\"potentialAction\":[{\"@type\":\"ReadAction\",\"target\":[\"https:\/\/ascensorescondal.com\/ca\/castellvi-de-rosanes\/\"]}]},{\"@type\":\"BreadcrumbList\",\"@id\":\"https:\/\/ascensorescondal.com\/ca\/castellvi-de-rosanes\/#breadcrumb\",\"itemListElement\":[{\"@type\":\"ListItem\",\"position\":1,\"name\":\"Portada\",\"item\":\"https:\/\/ascensorescondal.com\/ca\/\"},{\"@type\":\"ListItem\",\"position\":2,\"name\":\"Castellvi de Rosanes\"}]},{\"@type\":\"WebSite\",\"@id\":\"https:\/\/ascensorescondal.com\/ca\/#website\",\"url\":\"https:\/\/ascensorescondal.com\/ca\/\",\"name\":\"\",\"description\":\"\",\"potentialAction\":[{\"@type\":\"SearchAction\",\"target\":{\"@type\":\"EntryPoint\",\"urlTemplate\":\"https:\/\/ascensorescondal.com\/ca\/?s={search_term_string}\"},\"query-input\":{\"@type\":\"PropertyValueSpecification\",\"valueRequired\":true,\"valueName\":\"search_term_string\"}}],\"inLanguage\":\"ca\"}]}<\/script>\n<!-- \/ Yoast SEO plugin. -->","yoast_head_json":{"title":"Ascensors Castellvi de Rosanes. Manteniment elevadors","description":"ASCENSORS CONDAL. Elevadors Castellvi. Conservaci\u00f3, modernitzaci\u00f3 i manteniment d\u00b4ascensors a Castellvi","robots":{"index":"index","follow":"follow","max-snippet":"max-snippet:-1","max-image-preview":"max-image-preview:large","max-video-preview":"max-video-preview:-1"},"canonical":"https:\/\/ascensorescondal.com\/ca\/castellvi-de-rosanes\/","og_locale":"ca_ES","og_type":"article","og_title":"Ascensors Castellvi de Rosanes. Manteniment elevadors","og_description":"ASCENSORS CONDAL. Elevadors Castellvi. Conservaci\u00f3, modernitzaci\u00f3 i manteniment d\u00b4ascensors a Castellvi","og_url":"https:\/\/ascensorescondal.com\/ca\/castellvi-de-rosanes\/","article_modified_time":"2024-04-05T12:26:39+00:00","twitter_card":"summary_large_image","twitter_misc":{"Temps estimat de lectura":"2 minuts"},"schema":{"@context":"https:\/\/schema.org","@graph":[{"@type":"WebPage","@id":"https:\/\/ascensorescondal.com\/ca\/castellvi-de-rosanes\/","url":"https:\/\/ascensorescondal.com\/ca\/castellvi-de-rosanes\/","name":"Ascensors Castellvi de Rosanes. Manteniment elevadors","isPartOf":{"@id":"https:\/\/ascensorescondal.com\/ca\/#website"},"datePublished":"2022-11-16T08:46:40+00:00","dateModified":"2024-04-05T12:26:39+00:00","description":"ASCENSORS CONDAL. Elevadors Castellvi. Conservaci\u00f3, modernitzaci\u00f3 i manteniment d\u00b4ascensors a Castellvi","breadcrumb":{"@id":"https:\/\/ascensorescondal.com\/ca\/castellvi-de-rosanes\/#breadcrumb"},"inLanguage":"ca","potentialAction":[{"@type":"ReadAction","target":["https:\/\/ascensorescondal.com\/ca\/castellvi-de-rosanes\/"]}]},{"@type":"BreadcrumbList","@id":"https:\/\/ascensorescondal.com\/ca\/castellvi-de-rosanes\/#breadcrumb","itemListElement":[{"@type":"ListItem","position":1,"name":"Portada","item":"https:\/\/ascensorescondal.com\/ca\/"},{"@type":"ListItem","position":2,"name":"Castellvi de Rosanes"}]},{"@type":"WebSite","@id":"https:\/\/ascensorescondal.com\/ca\/#website","url":"https:\/\/ascensorescondal.com\/ca\/","name":"","description":"","potentialAction":[{"@type":"SearchAction","target":{"@type":"EntryPoint","urlTemplate":"https:\/\/ascensorescondal.com\/ca\/?s={search_term_string}"},"query-input":{"@type":"PropertyValueSpecification","valueRequired":true,"valueName":"search_term_string"}}],"inLanguage":"ca"}]}},"_links":{"self":[{"href":"https:\/\/ascensorescondal.com\/ca\/wp-json\/wp\/v2\/pages\/1411","targetHints":{"allow":["GET"]}}],"collection":[{"href":"https:\/\/ascensorescondal.com\/ca\/wp-json\/wp\/v2\/pages"}],"about":[{"href":"https:\/\/ascensorescondal.com\/ca\/wp-json\/wp\/v2\/types\/page"}],"author":[{"embeddable":true,"href":"https:\/\/ascensorescondal.com\/ca\/wp-json\/wp\/v2\/users\/1"}],"replies":[{"embeddable":true,"href":"https:\/\/ascensorescondal.com\/ca\/wp-json\/wp\/v2\/comments?post=1411"}],"version-history":[{"count":2,"href":"https:\/\/ascensorescondal.com\/ca\/wp-json\/wp\/v2\/pages\/1411\/revisions"}],"predecessor-version":[{"id":1571,"href":"https:\/\/ascensorescondal.com\/ca\/wp-json\/wp\/v2\/pages\/1411\/revisions\/1571"}],"wp:attachment":[{"href":"https:\/\/ascensorescondal.com\/ca\/wp-json\/wp\/v2\/media?parent=1411"}],"curies":[{"name":"wp","href":"https:\/\/api.w.org\/{rel}","templated":true}]}}

<h1>Ascensors Castellvi de Rosanes</h1>
<p>A Ascensors Condal realitzem qualsevol tipus de treball de manteniment d&#8217;ascensors, així com de modernització, instal·lació i reparació d&#8217;ascensors a Castellví de Rosanes. Aquest servei s´ofereix de manera integral i òptima.</p>
<p>El nostre tracte personalitzat fa que els nostres clients es mantinguin fidels amb nosaltres, valorant positivament el nostre servei i compromís. La llarga trajectòria que tenim al sector és una garantia de professionalitat i coneixement continu.</p>
<p>&nbsp;</p>
<h2>T&#8217;oferim el millor servei</h2>
<p>A Ascensors Condal oferim un servei de qualitat, amb especial enfocament en la seguretat de la seva instal·lació, amb la major professionalitat, compromís i eficiència per a la instal·lació d&#8217;ascensors a Castellví de Rosanes.</p>
<p><strong>La nostra missió és realitzar sempre els millors projectes</strong>, on els criteris d&#8217;eficàcia, tecnologia i professionalitat garanteixen al client resultats satisfactoris. Tot això és possible perquè comptem amb especialistes que asseguren una feina de qualitat òptima.</p>
<p>A més d&#8217;oferir el servei integral de manteniment preventiu i correctiu, <strong>ajustem el pressupost a les necessitats dels clients</strong>, sent els millors en relació amb la qualitat i el preu.</p>
<p>Ascensors Condal inclou a totes les seves instal·lacions tots els components de seguretat per garantir que els ascensors siguin segurs i amb certificació. És per això que, si necessiteu el servei de manteniment o d&#8217;instal·lació d&#8217;elevadors a Castellví de Rosanes, no dubteu a contactar-nos.</p>

<p>Ascensors Castellvi de Rosanes A Ascensors Condal realitzem qualsevol tipus de treball de manteniment d&#8217;ascensors, així com de modernització, instal·lació i reparació d&#8217;ascensors a Castellví de Rosanes. Aquest servei s´ofereix de manera integral i òptima. El nostre tracte personalitzat fa que els nostres clients es mantinguin fidels amb nosaltres, valorant positivament el nostre servei i &hellip;</p>
<p class="read-more"> <a class="" href="https://ascensorescondal.com/ca/castellvi-de-rosanes/"> <span class="screen-reader-text">Castellvi de Rosanes</span> Llegeix més &raquo;</a></p>

<!-- This site is optimized with the Yoast SEO plugin v26.0 - https://yoast.com/wordpress/plugins/seo/ -->
<title>Ascensors Castellvi de Rosanes. Manteniment elevadors</title>
<meta name="description" content="ASCENSORS CONDAL. Elevadors Castellvi. Conservació, modernització i manteniment d´ascensors a Castellvi" />
<meta name="robots" content="index, follow, max-snippet:-1, max-image-preview:large, max-video-preview:-1" />
<link rel="canonical" href="https://ascensorescondal.com/ca/castellvi-de-rosanes/" />
<meta property="og:locale" content="ca_ES" />
<meta property="og:type" content="article" />
<meta property="og:title" content="Ascensors Castellvi de Rosanes. Manteniment elevadors" />
<meta property="og:description" content="ASCENSORS CONDAL. Elevadors Castellvi. Conservació, modernització i manteniment d´ascensors a Castellvi" />
<meta property="og:url" content="https://ascensorescondal.com/ca/castellvi-de-rosanes/" />
<meta property="article:modified_time" content="2024-04-05T12:26:39+00:00" />
<meta name="twitter:card" content="summary_large_image" />
<meta name="twitter:label1" content="Temps estimat de lectura" />
	<meta name="twitter:data1" content="2 minuts" />
<script type="application/ld+json" class="yoast-schema-graph">{"@context":"https://schema.org","@graph":[{"@type":"WebPage","@id":"https://ascensorescondal.com/ca/castellvi-de-rosanes/","url":"https://ascensorescondal.com/ca/castellvi-de-rosanes/","name":"Ascensors Castellvi de Rosanes. Manteniment elevadors","isPartOf":{"@id":"https://ascensorescondal.com/ca/#website"},"datePublished":"2022-11-16T08:46:40+00:00","dateModified":"2024-04-05T12:26:39+00:00","description":"ASCENSORS CONDAL. Elevadors Castellvi. Conservació, modernització i manteniment d´ascensors a Castellvi","breadcrumb":{"@id":"https://ascensorescondal.com/ca/castellvi-de-rosanes/#breadcrumb"},"inLanguage":"ca","potentialAction":[{"@type":"ReadAction","target":["https://ascensorescondal.com/ca/castellvi-de-rosanes/"]}]},{"@type":"BreadcrumbList","@id":"https://ascensorescondal.com/ca/castellvi-de-rosanes/#breadcrumb","itemListElement":[{"@type":"ListItem","position":1,"name":"Portada","item":"https://ascensorescondal.com/ca/"},{"@type":"ListItem","position":2,"name":"Castellvi de Rosanes"}]},{"@type":"WebSite","@id":"https://ascensorescondal.com/ca/#website","url":"https://ascensorescondal.com/ca/","name":"","description":"","potentialAction":[{"@type":"SearchAction","target":{"@type":"EntryPoint","urlTemplate":"https://ascensorescondal.com/ca/?s={search_term_string}"},"query-input":{"@type":"PropertyValueSpecification","valueRequired":true,"valueName":"search_term_string"}}],"inLanguage":"ca"}]}</script>
<!-- / Yoast SEO plugin. -->

ASCENSORS CONDAL. Elevadors Castellvi. Conservació, modernització i manteniment d´ascensors a Castellvi
