{"id":1407,"date":"2022-11-16T08:41:56","date_gmt":"2022-11-16T08:41:56","guid":{"rendered":"https:\/\/ascensorescondal.com\/?page_id=1407"},"modified":"2024-04-05T14:26:04","modified_gmt":"2024-04-05T12:26:04","slug":"cervello","status":"publish","type":"page","link":"https:\/\/ascensorescondal.com\/ca\/cervello\/","title":{"rendered":"Cervell\u00f3"},"content":{"rendered":"<h1>Ascensors Cervell\u00f3<\/h1>\n<p>Si tens pensat instal\u00b7lar al teu habitatge oa qualsevol tipus d&#8217;edifici a la ciutat de Barcelona, algun tipus d&#8217;ascensor per a una casa unifamiliar per a m\u00e9s comoditat a l&#8217;hora de traslladar-te, et recomanem adquirir els serveis d&#8217;Ascensors Condal a Cervell\u00f3 on trobar\u00e0s el millor aliat per obtenir el que necessites. Tenim anys d&#8217;experi\u00e8ncia al mercat sent referents al sector.<\/p>\n<p>Som una empresa d\u00b4ascensors a Barcelona, especialitzada en la instal\u00b7laci\u00f3 d\u00b4ascensors en comunitats de propietaris i manteniment d\u00b4elevadors d\u00b4alta qualitat en qualsevol tipus d\u00b4edificis inclosos aquells molt antics. A m\u00e9s, realitzem instal\u00b7laci\u00f3 de plataformes elevadores per a minusv\u00e0lids, elevadors verticals a Barcelona, elevadors per a xalets entre molts altres serveis m\u00e9s.<\/p>\n<p>&nbsp;<\/p>\n<h2>Sens dubte, som la teva millor opci\u00f3<\/h2>\n<p><strong>Comptem amb el millor equip de professionals<\/strong>, disposats a realitzar tot l&#8217;estudi arquitect\u00f2nic previ a les instal\u00b7lacions. Ens encarreguem tamb\u00e9 de tramitar tots els permisos pertinents per a cada obra.<\/p>\n<p>A m\u00e9s, oferim preus raonables en els nostres serveis d&#8217;instal\u00b7laci\u00f3, rehabilitaci\u00f3 i manteniment d&#8217;ascensors, per a la teva tranquil\u00b7litat m\u00e9s gran ja que per a nosaltres, el client est\u00e0 primer. Si desitges comptar amb els nostres serveis, no dubtis en comunicar-te amb les nostres oficines d&#8217;Ascensors Comtal a Cervell\u00f3, perqu\u00e8 sens dubte et proposarem el millor projecte d&#8217;instal\u00b7laci\u00f3 i manteniment d&#8217;ascensors a Barcelona, adaptat a les teves necessitats sempre respectant les dates de finalitzaci\u00f3 de cada feina realitzat i amb el professionalisme que nom\u00e9s nosaltres podem oferir.<\/p>\n","protected":false},"excerpt":{"rendered":"<p>Ascensors Cervell\u00f3 Si tens pensat instal\u00b7lar al teu habitatge oa qualsevol tipus d&#8217;edifici a la ciutat de Barcelona, algun tipus d&#8217;ascensor per a una casa unifamiliar per a m\u00e9s comoditat a l&#8217;hora de traslladar-te, et recomanem adquirir els serveis d&#8217;Ascensors Condal a Cervell\u00f3 on trobar\u00e0s el millor aliat per obtenir el que necessites. Tenim anys &hellip;<\/p>\n<p class=\"read-more\"> <a class=\"\" href=\"https:\/\/ascensorescondal.com\/ca\/cervello\/\"> <span class=\"screen-reader-text\">Cervell\u00f3<\/span> Llegeix m\u00e9s &raquo;<\/a><\/p>\n","protected":false},"author":1,"featured_media":0,"parent":0,"menu_order":0,"comment_status":"closed","ping_status":"closed","template":"","meta":{"site-sidebar-layout":"default","site-content-layout":"","ast-site-content-layout":"default","site-content-style":"default","site-sidebar-style":"default","ast-global-header-display":"","ast-banner-title-visibility":"","ast-main-header-display":"","ast-hfb-above-header-display":"","ast-hfb-below-header-display":"","ast-hfb-mobile-header-display":"","site-post-title":"","ast-breadcrumbs-content":"","ast-featured-img":"","footer-sml-layout":"","theme-transparent-header-meta":"default","adv-header-id-meta":"","stick-header-meta":"","header-above-stick-meta":"","header-main-stick-meta":"","header-below-stick-meta":"","astra-migrate-meta-layouts":"set","footnotes":""},"class_list":["post-1407","page","type-page","status-publish","hentry"],"yoast_head":"<!-- This site is optimized with the Yoast SEO plugin v26.0 - https:\/\/yoast.com\/wordpress\/plugins\/seo\/ -->\n<title>Empresa ascensors Cervell\u00f3. Manteniment elevadors<\/title>\n<meta name=\"description\" content=\"ASCENSORS CONDAL. Elevador Cervell\u00f3. Els nostres serveis s\u00f3n els d&#039;instal\u00b7laci\u00f3 i manteniment d&#039;ascensors a preu econ\u00f2mic a Cervell\u00f3\" \/>\n<meta name=\"robots\" content=\"index, follow, max-snippet:-1, max-image-preview:large, max-video-preview:-1\" \/>\n<link rel=\"canonical\" href=\"https:\/\/ascensorescondal.com\/ca\/cervello\/\" \/>\n<meta property=\"og:locale\" content=\"ca_ES\" \/>\n<meta property=\"og:type\" content=\"article\" \/>\n<meta property=\"og:title\" content=\"Empresa ascensors Cervell\u00f3. Manteniment elevadors\" \/>\n<meta property=\"og:description\" content=\"ASCENSORS CONDAL. Elevador Cervell\u00f3. Els nostres serveis s\u00f3n els d&#039;instal\u00b7laci\u00f3 i manteniment d&#039;ascensors a preu econ\u00f2mic a Cervell\u00f3\" \/>\n<meta property=\"og:url\" content=\"https:\/\/ascensorescondal.com\/ca\/cervello\/\" \/>\n<meta property=\"article:modified_time\" content=\"2024-04-05T12:26:04+00:00\" \/>\n<meta name=\"twitter:card\" content=\"summary_large_image\" \/>\n<meta name=\"twitter:label1\" content=\"Temps estimat de lectura\" \/>\n\t<meta name=\"twitter:data1\" content=\"2 minuts\" \/>\n<script type=\"application\/ld+json\" class=\"yoast-schema-graph\">{\"@context\":\"https:\/\/schema.org\",\"@graph\":[{\"@type\":\"WebPage\",\"@id\":\"https:\/\/ascensorescondal.com\/ca\/cervello\/\",\"url\":\"https:\/\/ascensorescondal.com\/ca\/cervello\/\",\"name\":\"Empresa ascensors Cervell\u00f3. Manteniment elevadors\",\"isPartOf\":{\"@id\":\"https:\/\/ascensorescondal.com\/ca\/#website\"},\"datePublished\":\"2022-11-16T08:41:56+00:00\",\"dateModified\":\"2024-04-05T12:26:04+00:00\",\"description\":\"ASCENSORS CONDAL. Elevador Cervell\u00f3. Els nostres serveis s\u00f3n els d'instal\u00b7laci\u00f3 i manteniment d'ascensors a preu econ\u00f2mic a Cervell\u00f3\",\"breadcrumb\":{\"@id\":\"https:\/\/ascensorescondal.com\/ca\/cervello\/#breadcrumb\"},\"inLanguage\":\"ca\",\"potentialAction\":[{\"@type\":\"ReadAction\",\"target\":[\"https:\/\/ascensorescondal.com\/ca\/cervello\/\"]}]},{\"@type\":\"BreadcrumbList\",\"@id\":\"https:\/\/ascensorescondal.com\/ca\/cervello\/#breadcrumb\",\"itemListElement\":[{\"@type\":\"ListItem\",\"position\":1,\"name\":\"Portada\",\"item\":\"https:\/\/ascensorescondal.com\/ca\/\"},{\"@type\":\"ListItem\",\"position\":2,\"name\":\"Cervell\u00f3\"}]},{\"@type\":\"WebSite\",\"@id\":\"https:\/\/ascensorescondal.com\/ca\/#website\",\"url\":\"https:\/\/ascensorescondal.com\/ca\/\",\"name\":\"\",\"description\":\"\",\"potentialAction\":[{\"@type\":\"SearchAction\",\"target\":{\"@type\":\"EntryPoint\",\"urlTemplate\":\"https:\/\/ascensorescondal.com\/ca\/?s={search_term_string}\"},\"query-input\":{\"@type\":\"PropertyValueSpecification\",\"valueRequired\":true,\"valueName\":\"search_term_string\"}}],\"inLanguage\":\"ca\"}]}<\/script>\n<!-- \/ Yoast SEO plugin. -->","yoast_head_json":{"title":"Empresa ascensors Cervell\u00f3. Manteniment elevadors","description":"ASCENSORS CONDAL. Elevador Cervell\u00f3. Els nostres serveis s\u00f3n els d'instal\u00b7laci\u00f3 i manteniment d'ascensors a preu econ\u00f2mic a Cervell\u00f3","robots":{"index":"index","follow":"follow","max-snippet":"max-snippet:-1","max-image-preview":"max-image-preview:large","max-video-preview":"max-video-preview:-1"},"canonical":"https:\/\/ascensorescondal.com\/ca\/cervello\/","og_locale":"ca_ES","og_type":"article","og_title":"Empresa ascensors Cervell\u00f3. Manteniment elevadors","og_description":"ASCENSORS CONDAL. Elevador Cervell\u00f3. Els nostres serveis s\u00f3n els d'instal\u00b7laci\u00f3 i manteniment d'ascensors a preu econ\u00f2mic a Cervell\u00f3","og_url":"https:\/\/ascensorescondal.com\/ca\/cervello\/","article_modified_time":"2024-04-05T12:26:04+00:00","twitter_card":"summary_large_image","twitter_misc":{"Temps estimat de lectura":"2 minuts"},"schema":{"@context":"https:\/\/schema.org","@graph":[{"@type":"WebPage","@id":"https:\/\/ascensorescondal.com\/ca\/cervello\/","url":"https:\/\/ascensorescondal.com\/ca\/cervello\/","name":"Empresa ascensors Cervell\u00f3. Manteniment elevadors","isPartOf":{"@id":"https:\/\/ascensorescondal.com\/ca\/#website"},"datePublished":"2022-11-16T08:41:56+00:00","dateModified":"2024-04-05T12:26:04+00:00","description":"ASCENSORS CONDAL. Elevador Cervell\u00f3. Els nostres serveis s\u00f3n els d'instal\u00b7laci\u00f3 i manteniment d'ascensors a preu econ\u00f2mic a Cervell\u00f3","breadcrumb":{"@id":"https:\/\/ascensorescondal.com\/ca\/cervello\/#breadcrumb"},"inLanguage":"ca","potentialAction":[{"@type":"ReadAction","target":["https:\/\/ascensorescondal.com\/ca\/cervello\/"]}]},{"@type":"BreadcrumbList","@id":"https:\/\/ascensorescondal.com\/ca\/cervello\/#breadcrumb","itemListElement":[{"@type":"ListItem","position":1,"name":"Portada","item":"https:\/\/ascensorescondal.com\/ca\/"},{"@type":"ListItem","position":2,"name":"Cervell\u00f3"}]},{"@type":"WebSite","@id":"https:\/\/ascensorescondal.com\/ca\/#website","url":"https:\/\/ascensorescondal.com\/ca\/","name":"","description":"","potentialAction":[{"@type":"SearchAction","target":{"@type":"EntryPoint","urlTemplate":"https:\/\/ascensorescondal.com\/ca\/?s={search_term_string}"},"query-input":{"@type":"PropertyValueSpecification","valueRequired":true,"valueName":"search_term_string"}}],"inLanguage":"ca"}]}},"_links":{"self":[{"href":"https:\/\/ascensorescondal.com\/ca\/wp-json\/wp\/v2\/pages\/1407","targetHints":{"allow":["GET"]}}],"collection":[{"href":"https:\/\/ascensorescondal.com\/ca\/wp-json\/wp\/v2\/pages"}],"about":[{"href":"https:\/\/ascensorescondal.com\/ca\/wp-json\/wp\/v2\/types\/page"}],"author":[{"embeddable":true,"href":"https:\/\/ascensorescondal.com\/ca\/wp-json\/wp\/v2\/users\/1"}],"replies":[{"embeddable":true,"href":"https:\/\/ascensorescondal.com\/ca\/wp-json\/wp\/v2\/comments?post=1407"}],"version-history":[{"count":2,"href":"https:\/\/ascensorescondal.com\/ca\/wp-json\/wp\/v2\/pages\/1407\/revisions"}],"predecessor-version":[{"id":1569,"href":"https:\/\/ascensorescondal.com\/ca\/wp-json\/wp\/v2\/pages\/1407\/revisions\/1569"}],"wp:attachment":[{"href":"https:\/\/ascensorescondal.com\/ca\/wp-json\/wp\/v2\/media?parent=1407"}],"curies":[{"name":"wp","href":"https:\/\/api.w.org\/{rel}","templated":true}]}}

Cervelló

<h1>Ascensors Cervelló</h1>
<p>Si tens pensat instal·lar al teu habitatge oa qualsevol tipus d&#8217;edifici a la ciutat de Barcelona, algun tipus d&#8217;ascensor per a una casa unifamiliar per a més comoditat a l&#8217;hora de traslladar-te, et recomanem adquirir els serveis d&#8217;Ascensors Condal a Cervelló on trobaràs el millor aliat per obtenir el que necessites. Tenim anys d&#8217;experiència al mercat sent referents al sector.</p>
<p>Som una empresa d´ascensors a Barcelona, especialitzada en la instal·lació d´ascensors en comunitats de propietaris i manteniment d´elevadors d´alta qualitat en qualsevol tipus d´edificis inclosos aquells molt antics. A més, realitzem instal·lació de plataformes elevadores per a minusvàlids, elevadors verticals a Barcelona, elevadors per a xalets entre molts altres serveis més.</p>
<p>&nbsp;</p>
<h2>Sens dubte, som la teva millor opció</h2>
<p><strong>Comptem amb el millor equip de professionals</strong>, disposats a realitzar tot l&#8217;estudi arquitectònic previ a les instal·lacions. Ens encarreguem també de tramitar tots els permisos pertinents per a cada obra.</p>
<p>A més, oferim preus raonables en els nostres serveis d&#8217;instal·lació, rehabilitació i manteniment d&#8217;ascensors, per a la teva tranquil·litat més gran ja que per a nosaltres, el client està primer. Si desitges comptar amb els nostres serveis, no dubtis en comunicar-te amb les nostres oficines d&#8217;Ascensors Comtal a Cervelló, perquè sens dubte et proposarem el millor projecte d&#8217;instal·lació i manteniment d&#8217;ascensors a Barcelona, adaptat a les teves necessitats sempre respectant les dates de finalització de cada feina realitzat i amb el professionalisme que només nosaltres podem oferir.</p>

<p>Ascensors Cervelló Si tens pensat instal·lar al teu habitatge oa qualsevol tipus d&#8217;edifici a la ciutat de Barcelona, algun tipus d&#8217;ascensor per a una casa unifamiliar per a més comoditat a l&#8217;hora de traslladar-te, et recomanem adquirir els serveis d&#8217;Ascensors Condal a Cervelló on trobaràs el millor aliat per obtenir el que necessites. Tenim anys &hellip;</p>
<p class="read-more"> <a class="" href="https://ascensorescondal.com/ca/cervello/"> <span class="screen-reader-text">Cervelló</span> Llegeix més &raquo;</a></p>

<!-- This site is optimized with the Yoast SEO plugin v26.0 - https://yoast.com/wordpress/plugins/seo/ -->
<title>Empresa ascensors Cervelló. Manteniment elevadors</title>
<meta name="description" content="ASCENSORS CONDAL. Elevador Cervelló. Els nostres serveis són els d&#039;instal·lació i manteniment d&#039;ascensors a preu econòmic a Cervelló" />
<meta name="robots" content="index, follow, max-snippet:-1, max-image-preview:large, max-video-preview:-1" />
<link rel="canonical" href="https://ascensorescondal.com/ca/cervello/" />
<meta property="og:locale" content="ca_ES" />
<meta property="og:type" content="article" />
<meta property="og:title" content="Empresa ascensors Cervelló. Manteniment elevadors" />
<meta property="og:description" content="ASCENSORS CONDAL. Elevador Cervelló. Els nostres serveis són els d&#039;instal·lació i manteniment d&#039;ascensors a preu econòmic a Cervelló" />
<meta property="og:url" content="https://ascensorescondal.com/ca/cervello/" />
<meta property="article:modified_time" content="2024-04-05T12:26:04+00:00" />
<meta name="twitter:card" content="summary_large_image" />
<meta name="twitter:label1" content="Temps estimat de lectura" />
	<meta name="twitter:data1" content="2 minuts" />
<script type="application/ld+json" class="yoast-schema-graph">{"@context":"https://schema.org","@graph":[{"@type":"WebPage","@id":"https://ascensorescondal.com/ca/cervello/","url":"https://ascensorescondal.com/ca/cervello/","name":"Empresa ascensors Cervelló. Manteniment elevadors","isPartOf":{"@id":"https://ascensorescondal.com/ca/#website"},"datePublished":"2022-11-16T08:41:56+00:00","dateModified":"2024-04-05T12:26:04+00:00","description":"ASCENSORS CONDAL. Elevador Cervelló. Els nostres serveis són els d'instal·lació i manteniment d'ascensors a preu econòmic a Cervelló","breadcrumb":{"@id":"https://ascensorescondal.com/ca/cervello/#breadcrumb"},"inLanguage":"ca","potentialAction":[{"@type":"ReadAction","target":["https://ascensorescondal.com/ca/cervello/"]}]},{"@type":"BreadcrumbList","@id":"https://ascensorescondal.com/ca/cervello/#breadcrumb","itemListElement":[{"@type":"ListItem","position":1,"name":"Portada","item":"https://ascensorescondal.com/ca/"},{"@type":"ListItem","position":2,"name":"Cervelló"}]},{"@type":"WebSite","@id":"https://ascensorescondal.com/ca/#website","url":"https://ascensorescondal.com/ca/","name":"","description":"","potentialAction":[{"@type":"SearchAction","target":{"@type":"EntryPoint","urlTemplate":"https://ascensorescondal.com/ca/?s={search_term_string}"},"query-input":{"@type":"PropertyValueSpecification","valueRequired":true,"valueName":"search_term_string"}}],"inLanguage":"ca"}]}</script>
<!-- / Yoast SEO plugin. -->

Empresa ascensors Cervelló. Manteniment elevadors

ASCENSORS CONDAL. Elevador Cervelló. Els nostres serveis són els d'instal·lació i manteniment d'ascensors a preu econòmic a Cervelló
